CRAN Package Check Results for Package boxcoxmix

Last updated on 2021-10-16 13:03:50 CEST.

Flavor Version Tinstall Tcheck Ttotal Status Flags
r-devel-linux-x86_64-debian-clang 0.28 7.31 105.97 113.28 NOTE
r-devel-linux-x86_64-debian-gcc 0.28 5.56 75.90 81.46 NOTE
r-devel-linux-x86_64-fedora-clang 0.28 143.39 NOTE
r-devel-linux-x86_64-fedora-gcc 0.28 132.12 NOTE
r-devel-windows-x86_64 0.28 11.00 98.00 109.00 NOTE
r-devel-windows-x86_64-gcc10-UCRT 0.28 NOTE
r-patched-linux-x86_64 0.28 11.06 99.39 110.45 NOTE
r-patched-solaris-x86 0.28 168.60 NOTE
r-release-linux-x86_64 0.28 4.26 97.49 101.75 NOTE
r-release-macos-arm64 0.28 NOTE
r-release-macos-x86_64 0.28 NOTE
r-release-windows-ix86+x86_64 0.28 17.00 134.00 151.00 NOTE
r-oldrel-macos-x86_64 0.28 OK
r-oldrel-windows-ix86+x86_64 0.28 17.00 141.00 158.00 OK

Check Details

Version: 0.28
Check: LazyData
Result: NOTE
     'LazyData' is specified without a 'data' directory
Flavors: r-devel-linux-x86_64-debian-clang, r-devel-linux-x86_64-debian-gcc, r-devel-linux-x86_64-fedora-clang, r-devel-linux-x86_64-fedora-gcc, r-devel-windows-x86_64, r-devel-windows-x86_64-gcc10-UCRT, r-patched-linux-x86_64, r-patched-solaris-x86, r-release-linux-x86_64, r-release-macos-arm64, r-release-macos-x86_64, r-release-windows-ix86+x86_64