CRAN Package Check Results for Package bpnreg

Last updated on 2021-10-17 12:52:37 CEST.

Flavor Version Tinstall Tcheck Ttotal Status Flags
r-devel-linux-x86_64-debian-clang 2.0.2 82.01 64.97 146.98 OK
r-devel-linux-x86_64-debian-gcc 2.0.2 59.02 46.99 106.01 OK
r-devel-linux-x86_64-fedora-clang 2.0.2 222.32 OK
r-devel-linux-x86_64-fedora-gcc 2.0.2 190.68 OK
r-devel-windows-x86_64 2.0.2 109.00 101.00 210.00 OK
r-devel-windows-x86_64-gcc10-UCRT 2.0.2 OK
r-patched-linux-x86_64 2.0.2 80.42 59.93 140.35 OK
r-patched-solaris-x86 2.0.2 193.20 OK
r-release-linux-x86_64 2.0.2 73.48 58.57 132.05 OK
r-release-macos-arm64 2.0.2 NOTE
r-release-macos-x86_64 2.0.2 NOTE
r-release-windows-ix86+x86_64 2.0.2 204.00 116.00 320.00 OK
r-oldrel-macos-x86_64 2.0.2 NOTE
r-oldrel-windows-ix86+x86_64 2.0.2 207.00 113.00 320.00 OK

Check Details

Version: 2.0.2
Check: installed package size
Result: NOTE
     installed size is 6.0Mb
     sub-directories of 1Mb or more:
     libs 5.6Mb
Flavors: r-release-macos-arm64, r-release-macos-x86_64, r-oldrel-macos-x86_64