Last updated on 2023-09-30 01:49:51 CEST.
Flavor | Version | Tinstall | Tcheck | Ttotal | Status | Flags |
---|---|---|---|---|---|---|
r-devel-linux-x86_64-debian-clang | 1.2.1.29 | 4.21 | 39.97 | 44.18 | OK | |
r-devel-linux-x86_64-debian-gcc | 1.2.1.29 | 3.86 | 31.07 | 34.93 | OK | |
r-devel-linux-x86_64-fedora-clang | 1.2.1.29 | 54.90 | NOTE | |||
r-devel-linux-x86_64-fedora-gcc | 1.2.1.29 | 56.93 | NOTE | |||
r-devel-windows-x86_64 | 1.2.1.29 | 6.00 | 50.00 | 56.00 | OK | |
r-patched-linux-x86_64 | 1.2.1.29 | 3.90 | 38.77 | 42.67 | OK | |
r-release-linux-x86_64 | 1.2.1.29 | 3.51 | 39.95 | 43.46 | OK | |
r-release-macos-arm64 | 1.2.1.29 | 21.00 | OK | |||
r-release-macos-x86_64 | 1.2.1.29 | 29.00 | OK | |||
r-release-windows-x86_64 | 1.2.1.29 | 7.00 | 57.00 | 64.00 | OK | |
r-oldrel-macos-arm64 | 1.2.1.29 | 22.00 | NOTE | |||
r-oldrel-macos-x86_64 | 1.2.1.29 | 37.00 | NOTE | |||
r-oldrel-windows-x86_64 | 1.2.1.29 | 8.00 | 59.00 | 67.00 | OK |
Version: 1.2.1.29
Check: dependencies in R code
Result: NOTE
Namespace in Imports field not imported from: ‘dplyr’
All declared Imports should be used.
Flavors: r-devel-linux-x86_64-fedora-clang, r-devel-linux-x86_64-fedora-gcc, r-oldrel-macos-arm64, r-oldrel-macos-x86_64