CRAN Package Check Results for Package braidReports

Last updated on 2024-07-25 01:55:31 CEST.

Flavor Version Tinstall Tcheck Ttotal Status Flags
r-devel-linux-x86_64-debian-clang 0.5.4 7.98 71.49 79.47 OK
r-devel-linux-x86_64-debian-gcc 0.5.4 7.19 51.93 59.12 NOTE
r-devel-linux-x86_64-fedora-clang 0.5.4 98.20 OK
r-devel-linux-x86_64-fedora-gcc 0.5.4 91.12 OK
r-devel-windows-x86_64 0.5.4 9.00 75.00 84.00 NOTE
r-patched-linux-x86_64 0.5.4 13.47 65.84 79.31 OK
r-release-linux-x86_64 0.5.4 7.55 68.22 75.77 OK
r-release-macos-arm64 0.5.4 29.00 OK
r-release-macos-x86_64 0.5.4 45.00 OK
r-release-windows-x86_64 0.5.4 8.00 79.00 87.00 OK
r-oldrel-macos-arm64 0.5.4 30.00 OK
r-oldrel-macos-x86_64 0.5.4 47.00 OK
r-oldrel-windows-x86_64 0.5.4 11.00 85.00 96.00 OK

Check Details

Version: 0.5.4
Check: Rd cross-references
Result: NOTE Found the following Rd file(s) with Rd \link{} targets missing package anchors: braidReports-package.Rd: braidrm-package es8analysis.Rd: es8olatmz, runBRAIDanalysis makeBRAIDreport.Rd: runBRAIDanalysis, scale_fill_gradientn, geom_point, geom_line potentiationPlot.Rd: geom_ribbon, geom_point, geom_line, geom_hline voronoi.Rd: geom_polygon Please provide package anchors for all Rd \link{} targets not in the package itself and the base packages. Flavors: r-devel-linux-x86_64-debian-gcc, r-devel-windows-x86_64