Last updated on 2023-02-04 19:58:03 CET.
Flavor | Version | Tinstall | Tcheck | Ttotal | Status | Flags |
---|---|---|---|---|---|---|
r-devel-linux-x86_64-debian-clang | 3.0.0 | 29.14 | 163.04 | 192.18 | NOTE | |
r-devel-linux-x86_64-debian-gcc | 3.0.0 | 25.76 | 117.67 | 143.43 | NOTE | |
r-devel-linux-x86_64-fedora-clang | 3.0.0 | 235.50 | NOTE | |||
r-devel-linux-x86_64-fedora-gcc | 3.0.0 | 227.44 | NOTE | |||
r-devel-windows-x86_64 | 3.0.0 | 117.00 | 189.00 | 306.00 | OK | |
r-patched-linux-x86_64 | 3.0.0 | 35.51 | 143.14 | 178.65 | NOTE | |
r-release-linux-x86_64 | 3.0.0 | 27.43 | 143.52 | 170.95 | NOTE | |
r-release-macos-arm64 | 3.0.0 | 59.00 | NOTE | |||
r-release-macos-x86_64 | 3.0.0 | 78.00 | NOTE | |||
r-release-windows-x86_64 | 3.0.0 | 64.00 | 188.00 | 252.00 | OK | |
r-oldrel-macos-arm64 | 3.0.0 | 66.00 | NOTE | |||
r-oldrel-macos-x86_64 | 3.0.0 | 100.00 | OK | |||
r-oldrel-windows-ix86+x86_64 | 3.0.0 | 49.00 | 177.00 | 226.00 | OK |
Version: 3.0.0
Check: package dependencies
Result: NOTE
Packages suggested but not available for checking: 'RGtk2', 'cairoDevice'
Flavors: r-devel-linux-x86_64-debian-clang, r-devel-linux-x86_64-debian-gcc, r-devel-linux-x86_64-fedora-clang, r-devel-linux-x86_64-fedora-gcc, r-patched-linux-x86_64, r-release-linux-x86_64, r-release-macos-arm64, r-release-macos-x86_64, r-oldrel-macos-arm64