CRAN Package Check Results for Package brmsmargins

Last updated on 2023-03-31 20:50:07 CEST.

Flavor Version Tinstall Tcheck Ttotal Status Flags
r-devel-linux-x86_64-debian-clang 0.2.0 96.50 212.02 308.52 NOTE
r-devel-linux-x86_64-debian-gcc 0.2.0 76.57 159.71 236.28 NOTE
r-devel-linux-x86_64-fedora-clang 0.2.0 443.22 NOTE
r-devel-linux-x86_64-fedora-gcc 0.2.0 419.46 NOTE
r-devel-windows-x86_64 0.2.0 104.00 252.00 356.00 NOTE
r-patched-linux-x86_64 0.2.0 88.18 199.43 287.61 NOTE
r-release-linux-x86_64 0.2.0 74.35 208.84 283.19 OK
r-release-macos-arm64 0.2.0 109.00 NOTE
r-release-macos-x86_64 0.2.0 134.00 NOTE
r-release-windows-x86_64 0.2.0 216.00 256.00 472.00 OK
r-oldrel-macos-arm64 0.2.0 94.00 NOTE
r-oldrel-macos-x86_64 0.2.0 136.00 NOTE
r-oldrel-windows-ix86+x86_64 0.2.0 237.00 336.00 573.00 WARN

Check Details

Version: 0.2.0
Check: C++ specification
Result: NOTE
     Specified C++11: please drop specification unless essential
Flavors: r-devel-linux-x86_64-debian-clang, r-devel-linux-x86_64-debian-gcc, r-devel-linux-x86_64-fedora-clang, r-devel-linux-x86_64-fedora-gcc, r-devel-windows-x86_64, r-patched-linux-x86_64

Version: 0.2.0
Check: installed package size
Result: NOTE
     installed size is 5.4Mb
     sub-directories of 1Mb or more:
     doc 2.7Mb
     libs 2.5Mb
Flavors: r-release-macos-arm64, r-release-macos-x86_64, r-oldrel-macos-arm64, r-oldrel-macos-x86_64, r-oldrel-windows-ix86+x86_64

Version: 0.2.0
Check: for unstated dependencies in ‘tests’
Result: WARN
    Warning: unable to access index for repository https://bioconductor.org/packages/3.14/bioc/src/contrib:
     cannot open URL 'https://bioconductor.org/packages/3.14/bioc/src/contrib/PACKAGES'
    Warning: unable to access index for repository https://bioconductor.org/packages/3.14/data/annotation/src/contrib:
     cannot open URL 'https://bioconductor.org/packages/3.14/data/annotation/src/contrib/PACKAGES'
    Warning: unable to access index for repository https://bioconductor.org/packages/3.14/data/experiment/src/contrib:
     cannot open URL 'https://bioconductor.org/packages/3.14/data/experiment/src/contrib/PACKAGES'
Flavor: r-oldrel-windows-ix86+x86_64