CRAN Package Check Results for Package bsTools

Last updated on 2022-05-22 09:52:12 CEST.

Flavor Version Tinstall Tcheck Ttotal Status Flags
r-devel-linux-x86_64-debian-clang 0.1.0 2.59 33.33 35.92 NOTE
r-devel-linux-x86_64-debian-gcc 0.1.0 2.37 25.87 28.24 NOTE
r-devel-linux-x86_64-fedora-clang 0.1.0 43.93 NOTE
r-devel-linux-x86_64-fedora-gcc 0.1.0 43.33 NOTE
r-devel-windows-x86_64 0.1.0 18.00 50.00 68.00 NOTE
r-patched-linux-x86_64 0.1.0 2.45 32.88 35.33 NOTE
r-release-linux-x86_64 0.1.0 2.26 32.14 34.40 NOTE
r-release-macos-arm64 0.1.0 16.00 NOTE
r-release-macos-x86_64 0.1.0 20.00 NOTE
r-release-windows-x86_64 0.1.0 8.00 49.00 57.00 NOTE
r-oldrel-macos-arm64 0.1.0 20.00 NOTE
r-oldrel-macos-x86_64 0.1.0 26.00 NOTE
r-oldrel-windows-ix86+x86_64 0.1.0 6.00 31.00 37.00 NOTE

Check Details

Version: 0.1.0
Check: LazyData
Result: NOTE
     'LazyData' is specified without a 'data' directory
Flavors: r-devel-linux-x86_64-debian-clang, r-devel-linux-x86_64-debian-gcc, r-devel-linux-x86_64-fedora-clang, r-devel-linux-x86_64-fedora-gcc, r-devel-windows-x86_64, r-patched-linux-x86_64, r-release-linux-x86_64, r-release-macos-arm64, r-release-macos-x86_64, r-release-windows-x86_64, r-oldrel-macos-arm64, r-oldrel-macos-x86_64, r-oldrel-windows-ix86+x86_64