CRAN Package Check Results for Package bsam

Last updated on 2022-12-02 23:50:24 CET.

Flavor Version Tinstall Tcheck Ttotal Status Flags
r-devel-linux-x86_64-debian-clang 1.1.3 13.56 114.02 127.58 OK
r-devel-linux-x86_64-debian-gcc 1.1.3 11.26 83.78 95.04 OK
r-devel-linux-x86_64-fedora-clang 1.1.3 168.05 NOTE
r-devel-linux-x86_64-fedora-gcc 1.1.3 168.86 NOTE
r-devel-windows-x86_64 1.1.3 22.00 133.00 155.00 OK
r-patched-linux-x86_64 1.1.3 9.68 104.91 114.59 OK
r-release-linux-x86_64 1.1.3 13.46 110.59 124.05 OK
r-release-macos-arm64 1.1.3 52.00 NOTE
r-release-macos-x86_64 1.1.3 63.00 NOTE
r-release-windows-x86_64 1.1.3 21.00 136.00 157.00 OK
r-oldrel-macos-arm64 1.1.3 36.00 NOTE
r-oldrel-macos-x86_64 1.1.3 73.00 NOTE
r-oldrel-windows-ix86+x86_64 1.1.3 29.00 126.00 155.00 OK

Check Details

Version: 1.1.3
Check: dependencies in R code
Result: NOTE
    Namespaces in Imports field not imported from:
     ‘rworldxtra’ ‘sp’
     All declared Imports should be used.
Flavors: r-devel-linux-x86_64-fedora-clang, r-devel-linux-x86_64-fedora-gcc, r-release-macos-arm64, r-release-macos-x86_64, r-oldrel-macos-arm64, r-oldrel-macos-x86_64