Last updated on 2023-03-27 20:52:09 CEST.
Flavor | Version | Tinstall | Tcheck | Ttotal | Status | Flags |
---|---|---|---|---|---|---|
r-devel-linux-x86_64-debian-clang | 0.0.61 | 27.99 | 30.57 | 58.56 | OK | |
r-devel-linux-x86_64-debian-gcc | 0.0.61 | 19.27 | 24.01 | 43.28 | OK | |
r-devel-linux-x86_64-fedora-clang | 0.0.61 | 74.65 | NOTE | |||
r-devel-linux-x86_64-fedora-gcc | 0.0.61 | 68.95 | OK | |||
r-patched-linux-x86_64 | 0.0.61 | 25.17 | 29.95 | 55.12 | OK | |
r-release-linux-x86_64 | 0.0.61 | 22.78 | 30.98 | 53.76 | OK | |
r-release-macos-arm64 | 0.0.61 | 23.00 | OK | |||
r-release-macos-x86_64 | 0.0.61 | 34.00 | OK | |||
r-release-windows-x86_64 | 0.0.61 | 44.00 | 86.00 | 130.00 | OK | |
r-oldrel-macos-arm64 | 0.0.61 | 29.00 | OK | |||
r-oldrel-macos-x86_64 | 0.0.61 | 45.00 | OK | |||
r-oldrel-windows-ix86+x86_64 | 0.0.61 | 54.00 | 91.00 | 145.00 | OK |
Version: 0.0.61
Check: Rd cross-references
Result: NOTE
Undeclared package ‘data.table’ in Rd xrefs
Flavor: r-devel-linux-x86_64-fedora-clang