CRAN Package Check Results for Package bslib

Last updated on 2022-12-04 11:54:22 CET.

Flavor Version Tinstall Tcheck Ttotal Status Flags
r-devel-linux-x86_64-debian-clang 0.4.1 7.99 110.17 118.16 OK
r-devel-linux-x86_64-debian-gcc 0.4.1 5.85 81.78 87.63 OK
r-devel-linux-x86_64-fedora-clang 0.4.1 152.81 NOTE
r-devel-linux-x86_64-fedora-gcc 0.4.1 161.66 OK
r-devel-windows-x86_64 0.4.1 299.00 152.00 451.00 NOTE
r-patched-linux-x86_64 0.4.1 11.01 106.06 117.07 OK
r-release-linux-x86_64 0.4.1 7.57 110.00 117.57 OK
r-release-macos-arm64 0.4.1 62.00 NOTE
r-release-macos-x86_64 0.4.1 65.00 NOTE
r-release-windows-x86_64 0.4.1 366.00 156.00 522.00 NOTE
r-oldrel-macos-arm64 0.4.1 56.00 NOTE
r-oldrel-macos-x86_64 0.4.1 66.00 NOTE
r-oldrel-windows-ix86+x86_64 0.4.1 15.00 151.00 166.00 NOTE

Check Details

Version: 0.4.1
Check: installed package size
Result: NOTE
     installed size is 10.1Mb
     sub-directories of 1Mb or more:
     fonts 3.1Mb
     lib 5.4Mb
Flavors: r-devel-linux-x86_64-fedora-clang, r-devel-windows-x86_64, r-release-macos-arm64, r-release-macos-x86_64, r-release-windows-x86_64, r-oldrel-macos-arm64, r-oldrel-macos-x86_64, r-oldrel-windows-ix86+x86_64