CRAN Package Check Results for Package bsplus

Last updated on 2022-01-21 23:48:41 CET.

Flavor Version Tinstall Tcheck Ttotal Status Flags
r-devel-linux-x86_64-debian-clang 0.1.3 3.98 45.77 49.75 OK
r-devel-linux-x86_64-debian-gcc 0.1.3 3.18 34.96 38.14 OK
r-devel-linux-x86_64-fedora-clang 0.1.3 60.05 NOTE
r-devel-linux-x86_64-fedora-gcc 0.1.3 49.44 NOTE
r-devel-windows-x86_64-new-UL 0.1.3 57.00 65.00 122.00 OK
r-devel-windows-x86_64-new-TK 0.1.3 NOTE
r-patched-linux-x86_64 0.1.3 3.69 45.32 49.01 OK
r-release-linux-x86_64 0.1.3 3.23 45.43 48.66 OK
r-release-macos-arm64 0.1.3 NOTE
r-release-macos-x86_64 0.1.3 NOTE
r-release-windows-ix86+x86_64 0.1.3 8.00 59.00 67.00 OK
r-oldrel-macos-x86_64 0.1.3 NOTE
r-oldrel-windows-ix86+x86_64 0.1.3 8.00 59.00 67.00 OK

Check Details

Version: 0.1.3
Check: dependencies in R code
Result: NOTE
    Namespace in Imports field not imported from: ‘methods’
     All declared Imports should be used.
Flavors: r-devel-linux-x86_64-fedora-clang, r-devel-linux-x86_64-fedora-gcc, r-devel-windows-x86_64-new-TK, r-release-macos-arm64, r-release-macos-x86_64, r-oldrel-macos-x86_64