Last updated on 2023-03-23 03:53:15 CET.
Flavor | Version | Tinstall | Tcheck | Ttotal | Status | Flags |
---|---|---|---|---|---|---|
r-devel-linux-x86_64-debian-clang | 2.0.1 | 727.21 | 501.13 | 1228.34 | NOTE | |
r-devel-linux-x86_64-debian-gcc | 2.0.1 | 569.60 | 306.44 | 876.04 | NOTE | |
r-devel-linux-x86_64-fedora-clang | 2.0.1 | 1843.33 | NOTE | |||
r-devel-linux-x86_64-fedora-gcc | 2.0.1 | 1633.28 | NOTE | |||
r-devel-windows-x86_64 | 2.0.1 | 619.00 | 540.00 | 1159.00 | NOTE | |
r-patched-linux-x86_64 | 2.0.1 | 604.98 | 399.04 | 1004.02 | OK | |
r-release-linux-x86_64 | 2.0.1 | 591.53 | 396.72 | 988.25 | OK | |
r-release-macos-arm64 | 2.0.1 | 379.00 | NOTE | |||
r-release-macos-x86_64 | 2.0.1 | 431.00 | NOTE | |||
r-release-windows-x86_64 | 2.0.1 | 796.00 | 519.00 | 1315.00 | NOTE | |
r-oldrel-macos-arm64 | 2.0.1 | 298.00 | NOTE | |||
r-oldrel-macos-x86_64 | 2.0.1 | 467.00 | NOTE | |||
r-oldrel-windows-ix86+x86_64 | 2.0.1 | 1699.00 | 645.00 | 2344.00 | NOTE |
Version: 2.0.1
Check: C++ specification
Result: NOTE
Specified C++11: please drop specification unless essential
Flavors: r-devel-linux-x86_64-debian-clang, r-devel-linux-x86_64-debian-gcc, r-devel-linux-x86_64-fedora-clang, r-devel-linux-x86_64-fedora-gcc, r-devel-windows-x86_64
Version: 2.0.1
Check: installed package size
Result: NOTE
installed size is 7.2Mb
sub-directories of 1Mb or more:
data 1.1Mb
doc 2.8Mb
libs 2.7Mb
Flavors: r-devel-linux-x86_64-fedora-clang, r-devel-windows-x86_64, r-release-macos-arm64, r-release-macos-x86_64, r-release-windows-x86_64, r-oldrel-macos-arm64, r-oldrel-macos-x86_64, r-oldrel-windows-ix86+x86_64