CRAN Package Check Results for Package caRpools

Last updated on 2021-12-01 19:51:31 CET.

Flavor Version Tinstall Tcheck Ttotal Status Flags
r-devel-linux-x86_64-debian-clang 0.83 9.62 61.79 71.41 OK --no-examples --no-tests --no-vignettes
r-devel-linux-x86_64-debian-gcc 0.83 6.19 46.38 52.57 OK --no-examples --no-tests --no-vignettes
r-devel-windows-x86_64-new-UL 0.83 20.00 57.00 77.00 OK --install=fake
r-devel-windows-x86_64-new-TK 0.83 OK --no-examples --no-tests --no-vignettes
r-devel-windows-x86_64-old 0.83 14.00 68.00 82.00 OK --install=fake
r-patched-linux-x86_64 0.83 9.11 59.12 68.23 OK --no-examples --no-tests --no-vignettes
r-release-linux-x86_64 0.83 9.51 59.46 68.97 OK --no-examples --no-tests --no-vignettes
r-release-macos-arm64 0.83 ERROR
r-release-macos-x86_64 0.83 ERROR
r-release-windows-ix86+x86_64 0.83 16.00 63.00 79.00 OK --install=fake
r-oldrel-macos-x86_64 0.83 ERROR
r-oldrel-windows-ix86+x86_64 0.83 12.00 61.00 73.00 OK --install=fake

Check Details

Version: 0.83
Check: examples
Result: ERROR
    Running examples in ‘caRpools-Ex.R’ failed
    The error most likely occurred in:
    
    > ### Name: carpools.hit.overview
    > ### Title: Analysis: Analysis of pooled CRISPR screening data using a
    > ### Wilcoxon Test
    > ### Aliases: carpools.hit.overview
    > ### Keywords: ~Analysis
    >
    > ### ** Examples
    >
    > data(caRpools)
    >
    > data.wilcox = stat.wilcox(untreated.list = list(CONTROL1, CONTROL2),
    + treated.list = list(TREAT1,TREAT2), namecolumn=1, fullmatchcolumn=2,
    + normalize=TRUE, norm.fun=median, sorting=FALSE, controls="random",
    + control.picks=NULL)
    >
    >
    > data.deseq = stat.DESeq(untreated.list = list(CONTROL1, CONTROL2),
    + treated.list = list(TREAT1,TREAT2), namecolumn=1,
    + fullmatchcolumn=2, extractpattern=expression("^(.+?)(_.+)"),
    + sorting=FALSE, filename.deseq = "ANALYSIS-DESeq2-sgRNA.tab",
    + fitType="parametric")
    converting counts to integer mode
    Warning in DESeqDataSet(se, design = design, ignoreRank) :
     some variables in design formula are characters, converting to factors
    gene-wise dispersion estimates
    mean-dispersion relationship
    final dispersion estimates
    Warning in DESeqDataSet(se, design = design, ignoreRank) :
     some variables in design formula are characters, converting to factors
    gene-wise dispersion estimates
    mean-dispersion relationship
    final dispersion estimates
    >
    > data.mageck = stat.mageck(untreated.list = list(CONTROL1, CONTROL2),
    + treated.list = list(TREAT1,TREAT2), namecolumn=1, fullmatchcolumn=2,
    + norm.fun="median", extractpattern=expression("^(.+?)(_.+)"),
    + mageckfolder=NULL, sort.criteria="neg", adjust.method="fdr", filename = "TEST" , fdr.pval = 0.05)
    sh: mageck: command not found
    Warning in system(mageckstring) : error in running command
    Warning in file(file, "rt") :
     cannot open file 'TEST.gene_summary.txt': No such file or directory
    Error in file(file, "rt") : cannot open the connection
    Calls: stat.mageck -> load.file -> read.table -> file
    Execution halted
Flavors: r-release-macos-arm64, r-release-macos-x86_64, r-oldrel-macos-x86_64

Version: 0.83
Check: re-building of vignette outputs
Result: WARN
    Error(s) in re-building vignettes:
     ...
    --- re-building ‘CaRpools.Rmd’ using rmarkdown
    converting counts to integer mode
    Warning in DESeqDataSet(se, design = design, ignoreRank) :
     some variables in design formula are characters, converting to factors
    gene-wise dispersion estimates
    mean-dispersion relationship
    final dispersion estimates
    Warning in DESeqDataSet(se, design = design, ignoreRank) :
     some variables in design formula are characters, converting to factors
    gene-wise dispersion estimates
    mean-dispersion relationship
    final dispersion estimates
    sh: mageck: command not found
    Quitting from lines 1956-1959 (CaRpools.Rmd)
    Error: processing vignette 'CaRpools.Rmd' failed with diagnostics:
    cannot open the connection
    --- failed re-building ‘CaRpools.Rmd’
    
    SUMMARY: processing the following file failed:
     ‘CaRpools.Rmd’
    
    Error: Vignette re-building failed.
    Execution halted
Flavor: r-release-macos-arm64

Version: 0.83
Check: re-building of vignette outputs
Result: WARN
    Error(s) in re-building vignettes:
    --- re-building ‘CaRpools.Rmd’ using rmarkdown
    Warning in engine$weave(file, quiet = quiet, encoding = enc) :
     Pandoc (>= 1.12.3) not available. Falling back to R Markdown v1.
    converting counts to integer mode
    Warning in DESeqDataSet(se, design = design, ignoreRank) :
     some variables in design formula are characters, converting to factors
    gene-wise dispersion estimates
    mean-dispersion relationship
    final dispersion estimates
    Warning in DESeqDataSet(se, design = design, ignoreRank) :
     some variables in design formula are characters, converting to factors
    gene-wise dispersion estimates
    mean-dispersion relationship
    final dispersion estimates
    sh: mageck: command not found
    Quitting from lines 1956-1959 (CaRpools.Rmd)
    Error: processing vignette 'CaRpools.Rmd' failed with diagnostics:
    cannot open the connection
    --- failed re-building ‘CaRpools.Rmd’
    
    SUMMARY: processing the following file failed:
     ‘CaRpools.Rmd’
    
    Error: Vignette re-building failed.
    Execution halted
Flavor: r-release-macos-x86_64

Version: 0.83
Check: re-building of vignette outputs
Result: WARN
    Error(s) in re-building vignettes:
    --- re-building ‘CaRpools.Rmd’ using rmarkdown
    Warning in engine$weave(file, quiet = quiet, encoding = enc) :
     Pandoc (>= 1.12.3) and/or pandoc-citeproc not available. Falling back to R Markdown v1.
    converting counts to integer mode
    Warning in DESeqDataSet(se, design = design, ignoreRank) :
     some variables in design formula are characters, converting to factors
    gene-wise dispersion estimates
    mean-dispersion relationship
    final dispersion estimates
    Warning in DESeqDataSet(se, design = design, ignoreRank) :
     some variables in design formula are characters, converting to factors
    gene-wise dispersion estimates
    mean-dispersion relationship
    final dispersion estimates
    sh: mageck: command not found
    Quitting from lines 1956-1959 (CaRpools.Rmd)
    Error: processing vignette 'CaRpools.Rmd' failed with diagnostics:
    cannot open the connection
    --- failed re-building ‘CaRpools.Rmd’
    
    SUMMARY: processing the following file failed:
     ‘CaRpools.Rmd’
    
    Error: Vignette re-building failed.
    Execution halted
Flavor: r-oldrel-macos-x86_64