CRAN Package Check Results for Package caTools

Last updated on 2021-12-02 04:02:14 CET.

Flavor Version Tinstall Tcheck Ttotal Status Flags
r-devel-linux-x86_64-debian-clang 1.18.2 6.91 35.04 41.95 OK
r-devel-linux-x86_64-debian-gcc 1.18.2 4.93 26.77 31.70 OK
r-devel-linux-x86_64-fedora-clang 1.18.2 61.86 NOTE
r-devel-linux-x86_64-fedora-gcc 1.18.2 50.95 OK
r-devel-windows-x86_64-new-UL 1.18.2 15.00 73.00 88.00 OK
r-devel-windows-x86_64-new-TK 1.18.2 OK
r-devel-windows-x86_64-old 1.18.2 11.00 43.00 54.00 OK
r-patched-linux-x86_64 1.18.2 6.50 33.37 39.87 OK
r-patched-solaris-x86 1.18.2 72.80 OK
r-release-linux-x86_64 1.18.2 5.10 33.23 38.33 OK
r-release-macos-arm64 1.18.2 OK
r-release-macos-x86_64 1.18.2 OK
r-release-windows-ix86+x86_64 1.18.2 16.00 74.00 90.00 OK
r-oldrel-macos-x86_64 1.18.2 OK
r-oldrel-windows-ix86+x86_64 1.18.2 29.00 71.00 100.00 OK

Check Details

Version: 1.18.2
Check: Rd cross-references
Result: NOTE
    Undeclared packages ‘pixmap’, ‘XML’, ‘exactRankTests’, ‘coin’, ‘ROCR’, ‘Epi’, ‘verification’, ‘Hmisc’, ‘gtools’, ‘magic’, ‘zoo’ in Rd xrefs
Flavor: r-devel-linux-x86_64-fedora-clang