CRAN Package Check Results for Package calmate

Last updated on 2023-10-01 16:55:55 CEST.

Flavor Version Tinstall Tcheck Ttotal Status Flags
r-devel-linux-x86_64-debian-clang 0.13.0 5.94 70.87 76.81 OK
r-devel-linux-x86_64-debian-gcc 0.13.0 5.58 53.87 59.45 OK
r-devel-linux-x86_64-fedora-clang 0.13.0 93.08 OK
r-devel-linux-x86_64-fedora-gcc 0.13.0 92.78 OK
r-devel-windows-x86_64 0.13.0 7.00 74.00 81.00 OK
r-patched-linux-x86_64 0.13.0 5.87 68.34 74.21 OK
r-release-linux-x86_64 0.13.0 6.82 68.96 75.78 OK
r-release-macos-arm64 0.13.0 5.00 ERROR
r-release-macos-x86_64 0.13.0 59.00 OK
r-release-windows-x86_64 0.13.0 15.00 84.00 99.00 OK
r-oldrel-macos-arm64 0.13.0 31.00 OK
r-oldrel-macos-x86_64 0.13.0 69.00 OK
r-oldrel-windows-x86_64 0.13.0 9.00 89.00 98.00 OK

Check Details

Version: 0.13.0
Check: package dependencies
Result: ERROR
    Package required but not available: ‘aroma.core’
    
    See section ‘The DESCRIPTION file’ in the ‘Writing R Extensions’
    manual.
Flavor: r-release-macos-arm64