CRAN Package Check Results for Package card

Last updated on 2021-10-26 20:50:48 CEST.

Flavor Version Tinstall Tcheck Ttotal Status Flags
r-devel-linux-x86_64-debian-clang 0.1.0 11.03 124.01 135.04 OK
r-devel-linux-x86_64-debian-gcc 0.1.0 8.57 91.56 100.13 OK
r-devel-linux-x86_64-fedora-clang 0.1.0 177.58 NOTE
r-devel-linux-x86_64-fedora-gcc 0.1.0 161.23 NOTE
r-devel-windows-x86_64 0.1.0 17.00 165.00 182.00 OK
r-devel-windows-x86_64-gcc10-UCRT 0.1.0 NOTE
r-patched-linux-x86_64 0.1.0 9.86 118.38 128.24 OK
r-patched-solaris-x86 0.1.0 184.80 NOTE
r-release-linux-x86_64 0.1.0 11.28 119.10 130.38 OK
r-release-macos-arm64 0.1.0 NOTE
r-release-macos-x86_64 0.1.0 NOTE
r-release-windows-ix86+x86_64 0.1.0 17.00 152.00 169.00 OK
r-oldrel-macos-x86_64 0.1.0 NOTE
r-oldrel-windows-ix86+x86_64 0.1.0 23.00 158.00 181.00 OK

Check Details

Version: 0.1.0
Check: dependencies in R code
Result: NOTE
    Namespaces in Imports field not imported from:
     ‘Hmisc’ ‘methods’ ‘readr’ ‘recipes’ ‘sf’ ‘stringr’ ‘utils’
     All declared Imports should be used.
Flavors: r-devel-linux-x86_64-fedora-clang, r-devel-linux-x86_64-fedora-gcc, r-devel-windows-x86_64-gcc10-UCRT, r-patched-solaris-x86, r-release-macos-arm64, r-release-macos-x86_64, r-oldrel-macos-x86_64