CRAN Package Check Results for Package cassandRa

Last updated on 2022-01-22 11:50:54 CET.

Flavor Version Tinstall Tcheck Ttotal Status Flags
r-devel-linux-x86_64-debian-clang 0.1.0 6.03 118.63 124.66 NOTE
r-devel-linux-x86_64-debian-gcc 0.1.0 4.52 85.46 89.98 NOTE
r-devel-linux-x86_64-fedora-clang 0.1.0 154.22 NOTE
r-devel-linux-x86_64-fedora-gcc 0.1.0 134.40 NOTE
r-devel-windows-x86_64-new-UL 0.1.0 41.00 135.00 176.00 NOTE
r-devel-windows-x86_64-new-TK 0.1.0 NOTE
r-patched-linux-x86_64 0.1.0 6.50 109.01 115.51 NOTE
r-release-linux-x86_64 0.1.0 6.56 109.16 115.72 NOTE
r-release-macos-arm64 0.1.0 NOTE
r-release-macos-x86_64 0.1.0 NOTE
r-release-windows-ix86+x86_64 0.1.0 15.00 135.00 150.00 NOTE
r-oldrel-macos-x86_64 0.1.0 OK
r-oldrel-windows-ix86+x86_64 0.1.0 16.00 140.00 156.00 OK

Check Details

Version: 0.1.0
Check: LazyData
Result: NOTE
     'LazyData' is specified without a 'data' directory
Flavors: r-devel-linux-x86_64-debian-clang, r-devel-linux-x86_64-debian-gcc, r-devel-linux-x86_64-fedora-clang, r-devel-linux-x86_64-fedora-gcc, r-devel-windows-x86_64-new-UL, r-devel-windows-x86_64-new-TK, r-patched-linux-x86_64, r-release-linux-x86_64, r-release-macos-arm64, r-release-macos-x86_64, r-release-windows-ix86+x86_64