CRAN Package Check Results for Package catdata

Last updated on 2021-10-27 16:48:58 CEST.

Flavor Version Tinstall Tcheck Ttotal Status Flags
r-devel-linux-x86_64-debian-clang 1.2.2 3.11 405.19 408.30 NOTE
r-devel-linux-x86_64-debian-gcc 1.2.2 2.13 289.54 291.67 NOTE
r-devel-linux-x86_64-fedora-clang 1.2.2 517.03 NOTE
r-devel-linux-x86_64-fedora-gcc 1.2.2 475.53 NOTE
r-devel-windows-x86_64 1.2.2 6.00 838.00 844.00 OK
r-devel-windows-x86_64-gcc10-UCRT 1.2.2 NOTE
r-patched-linux-x86_64 1.2.2 4.08 129.00 133.08 NOTE
r-patched-solaris-x86 1.2.2 251.50 NOTE
r-release-linux-x86_64 1.2.2 3.97 130.31 134.28 NOTE
r-release-macos-arm64 1.2.2 NOTE
r-release-macos-x86_64 1.2.2 NOTE
r-release-windows-ix86+x86_64 1.2.2 7.00 215.00 222.00 OK
r-oldrel-macos-x86_64 1.2.2 OK
r-oldrel-windows-ix86+x86_64 1.2.2 10.00 468.00 478.00 OK

Check Details

Version: 1.2.2
Check: package dependencies
Result: NOTE
    Package suggested but not available for checking: 'GAMBoost'
Flavors: r-devel-linux-x86_64-debian-clang, r-devel-linux-x86_64-debian-gcc, r-devel-linux-x86_64-fedora-clang, r-devel-linux-x86_64-fedora-gcc, r-devel-windows-x86_64-gcc10-UCRT, r-patched-linux-x86_64, r-patched-solaris-x86, r-release-linux-x86_64, r-release-macos-arm64, r-release-macos-x86_64