Last updated on 2023-05-28 16:57:45 CEST.
Flavor | Version | Tinstall | Tcheck | Ttotal | Status | Flags |
---|---|---|---|---|---|---|
r-devel-linux-x86_64-debian-clang | 0.1.4 | 7.53 | 70.47 | 78.00 | NOTE | |
r-devel-linux-x86_64-debian-gcc | 0.1.4 | 5.64 | 53.04 | 58.68 | NOTE | |
r-devel-linux-x86_64-fedora-clang | 0.1.4 | 99.17 | NOTE | |||
r-devel-linux-x86_64-fedora-gcc | 0.1.4 | 94.94 | NOTE | |||
r-devel-windows-x86_64 | 0.1.4 | 9.00 | 76.00 | 85.00 | NOTE | |
r-patched-linux-x86_64 | 0.1.4 | 5.92 | 65.69 | 71.61 | NOTE | |
r-release-linux-x86_64 | 0.1.4 | 4.72 | 66.33 | 71.05 | NOTE | |
r-release-macos-arm64 | 0.1.4 | 32.00 | NOTE | |||
r-release-macos-x86_64 | 0.1.4 | 46.00 | NOTE | |||
r-release-windows-x86_64 | 0.1.4 | 12.00 | 89.00 | 101.00 | NOTE | |
r-oldrel-macos-arm64 | 0.1.4 | 41.00 | NOTE | |||
r-oldrel-macos-x86_64 | 0.1.4 | 77.00 | NOTE | |||
r-oldrel-windows-x86_64 | 0.1.4 | 15.00 | 88.00 | 103.00 | NOTE |
Version: 0.1.4
Check: LazyData
Result: NOTE
'LazyData' is specified without a 'data' directory
Flavors: r-devel-linux-x86_64-debian-clang, r-devel-linux-x86_64-debian-gcc, r-devel-linux-x86_64-fedora-clang, r-devel-linux-x86_64-fedora-gcc, r-devel-windows-x86_64, r-patched-linux-x86_64, r-release-linux-x86_64, r-release-macos-arm64, r-release-macos-x86_64, r-release-windows-x86_64, r-oldrel-macos-arm64, r-oldrel-macos-x86_64, r-oldrel-windows-x86_64
Version: 0.1.4
Check: dependencies in R code
Result: NOTE
Namespaces in Imports field not imported from:
‘broom’ ‘epitools’
All declared Imports should be used.
Flavors: r-devel-linux-x86_64-fedora-clang, r-devel-linux-x86_64-fedora-gcc, r-oldrel-macos-arm64, r-oldrel-macos-x86_64