CRAN Package Check Results for Package cati

Last updated on 2021-10-27 13:07:53 CEST.

Flavor Version Tinstall Tcheck Ttotal Status Flags
r-devel-linux-x86_64-debian-clang 0.99.3 40.20 310.80 351.00 NOTE
r-devel-linux-x86_64-debian-gcc 0.99.3 30.49 231.10 261.59 NOTE
r-devel-linux-x86_64-fedora-clang 0.99.3 432.57 NOTE
r-devel-linux-x86_64-fedora-gcc 0.99.3 435.79 NOTE
r-devel-windows-x86_64 0.99.3 57.00 344.00 401.00 OK
r-devel-windows-x86_64-gcc10-UCRT 0.99.3 NOTE
r-patched-linux-x86_64 0.99.3 42.21 301.49 343.70 NOTE
r-patched-solaris-x86 0.99.3 517.20 NOTE
r-release-linux-x86_64 0.99.3 35.62 298.57 334.19 NOTE
r-release-macos-arm64 0.99.3 NOTE
r-release-macos-x86_64 0.99.3 NOTE
r-release-windows-ix86+x86_64 0.99.3 60.00 339.00 399.00 OK
r-oldrel-macos-x86_64 0.99.3 NOTE
r-oldrel-windows-ix86+x86_64 0.99.3 86.00 342.00 428.00 OK

Check Details

Version: 0.99.3
Check: package dependencies
Result: NOTE
    Package suggested but not available for checking: 'spacodiR'
Flavors: r-devel-linux-x86_64-debian-clang, r-devel-linux-x86_64-debian-gcc, r-devel-linux-x86_64-fedora-clang, r-devel-linux-x86_64-fedora-gcc, r-devel-windows-x86_64-gcc10-UCRT, r-patched-linux-x86_64, r-patched-solaris-x86, r-release-linux-x86_64, r-release-macos-arm64, r-release-macos-x86_64, r-oldrel-macos-x86_64