CRAN Package Check Results for Package catlearn

Last updated on 2025-06-15 01:48:16 CEST.

Flavor Version Tinstall Tcheck Ttotal Status Flags
r-devel-linux-x86_64-debian-clang 1.1 87.05 46.03 133.08 OK
r-devel-linux-x86_64-debian-gcc 1.1 67.96 33.99 101.95 OK
r-devel-linux-x86_64-fedora-clang 1.1 270.46 OK
r-devel-linux-x86_64-fedora-gcc 1.1 240.06 OK
r-devel-windows-x86_64 1.1 104.00 86.00 190.00 OK
r-patched-linux-x86_64 1.1 95.83 43.04 138.87 OK
r-release-linux-x86_64 1.1 96.46 42.64 139.10 OK
r-release-macos-arm64 1.1 53.00 OK
r-release-macos-x86_64 1.1 68.00 OK
r-release-windows-x86_64 1.1 106.00 88.00 194.00 OK
r-oldrel-macos-arm64 1.1 58.00 NOTE
r-oldrel-macos-x86_64 1.1 71.00 NOTE
r-oldrel-windows-x86_64 1.1 122.00 115.00 237.00 OK

Check Details

Version: 1.1
Check: installed package size
Result: NOTE installed size is 6.0Mb sub-directories of 1Mb or more: libs 5.6Mb Flavors: r-oldrel-macos-arm64, r-oldrel-macos-x86_64