Last updated on 2023-06-03 04:55:46 CEST.
Flavor | Version | Tinstall | Tcheck | Ttotal | Status | Flags |
---|---|---|---|---|---|---|
r-devel-linux-x86_64-debian-clang | 1.0.4 | 21.34 | 131.68 | 153.02 | OK | |
r-devel-linux-x86_64-debian-gcc | 1.0.4 | 16.14 | 97.54 | 113.68 | OK | |
r-devel-linux-x86_64-fedora-clang | 1.0.4 | 186.12 | NOTE | |||
r-devel-linux-x86_64-fedora-gcc | 1.0.4 | 181.92 | NOTE | |||
r-devel-windows-x86_64 | 1.0.4 | 18.00 | 111.00 | 129.00 | OK | |
r-patched-linux-x86_64 | 1.0.4 | OK | ||||
r-release-linux-x86_64 | 1.0.4 | 14.50 | 125.49 | 139.99 | OK | |
r-release-macos-arm64 | 1.0.4 | 51.00 | OK | |||
r-release-macos-x86_64 | 1.0.3 | 84.00 | OK | |||
r-release-windows-x86_64 | 1.0.4 | 23.00 | 131.00 | 154.00 | OK | |
r-oldrel-macos-arm64 | 1.0.4 | 49.00 | OK | |||
r-oldrel-macos-x86_64 | 1.0.4 | 70.00 | OK | |||
r-oldrel-windows-x86_64 | 1.0.4 | 23.00 | 129.00 | 152.00 | OK |
Version: 1.0.4
Check: data for non-ASCII characters
Result: NOTE
Note: found 1 marked UTF-8 string
Flavors: r-devel-linux-x86_64-fedora-clang, r-devel-linux-x86_64-fedora-gcc