CRAN Package Check Results for Package cba

Last updated on 2021-09-23 08:50:51 CEST.

Flavor Version Tinstall Tcheck Ttotal Status Flags
r-devel-linux-x86_64-debian-clang 0.2-21 8.45 36.31 44.76 OK
r-devel-linux-x86_64-debian-gcc 0.2-21 6.40 28.28 34.68 OK
r-devel-linux-x86_64-fedora-clang 0.2-21 64.99 OK
r-devel-linux-x86_64-fedora-gcc 0.2-21 53.55 OK
r-devel-windows-x86_64 0.2-21 13.00 44.00 57.00 OK
r-devel-windows-x86_64-gcc10-UCRT 0.2-21 ERROR
r-patched-linux-x86_64 0.2-21 8.12 35.31 43.43 OK
r-patched-solaris-x86 0.2-21 75.60 OK
r-release-linux-x86_64 0.2-21 7.76 35.63 43.39 OK
r-release-macos-arm64 0.2-21 OK
r-release-macos-x86_64 0.2-21 OK
r-release-windows-ix86+x86_64 0.2-21 26.00 47.00 73.00 OK
r-oldrel-macos-x86_64 0.2-21 OK
r-oldrel-windows-ix86+x86_64 0.2-21 31.00 52.00 83.00 OK

Check Details

Version: 0.2-21
Check: whether package can be installed
Result: ERROR
    Installation failed.
Flavor: r-devel-windows-x86_64-gcc10-UCRT