Last updated on 2023-03-23 19:50:10 CET.
Flavor | Version | Tinstall | Tcheck | Ttotal | Status | Flags |
---|---|---|---|---|---|---|
r-devel-linux-x86_64-debian-clang | 0.2.0.2 | 1586.09 | 176.67 | 1762.76 | NOTE | |
r-devel-linux-x86_64-debian-gcc | 0.2.0.2 | 1542.35 | 232.94 | 1775.29 | NOTE | |
r-devel-linux-x86_64-fedora-clang | 0.2.0.2 | 2323.45 | NOTE | |||
r-devel-linux-x86_64-fedora-gcc | 0.2.0.2 | 2953.76 | NOTE | |||
r-devel-windows-x86_64 | 0.2.0.2 | 1919.00 | 355.00 | 2274.00 | NOTE | |
r-patched-linux-x86_64 | 0.2.0.2 | 1496.46 | 224.37 | 1720.83 | NOTE | |
r-release-linux-x86_64 | 0.2.0.2 | 1258.97 | 263.71 | 1522.68 | NOTE | |
r-release-macos-arm64 | 0.2.0.2 | 588.00 | NOTE | |||
r-release-macos-x86_64 | 0.2.0.2 | 1071.00 | NOTE | |||
r-release-windows-x86_64 | 0.2.0.2 | 1047.00 | 396.00 | 1443.00 | NOTE | |
r-oldrel-macos-arm64 | 0.2.0.2 | 712.00 | NOTE | |||
r-oldrel-macos-x86_64 | 0.2.0.2 | 1255.00 | NOTE | |||
r-oldrel-windows-ix86+x86_64 | 0.2.0.2 | 3763.00 | 402.00 | 4165.00 | NOTE |
Version: 0.2.0.2
Check: LazyData
Result: NOTE
'LazyData' is specified without a 'data' directory
Flavors: r-devel-linux-x86_64-debian-clang, r-devel-linux-x86_64-debian-gcc, r-devel-linux-x86_64-fedora-clang, r-devel-linux-x86_64-fedora-gcc, r-devel-windows-x86_64, r-patched-linux-x86_64, r-release-linux-x86_64, r-release-macos-arm64, r-release-macos-x86_64, r-release-windows-x86_64, r-oldrel-macos-arm64, r-oldrel-macos-x86_64, r-oldrel-windows-ix86+x86_64
Version: 0.2.0.2
Check: for GNU extensions in Makefiles
Result: NOTE
GNU make is a SystemRequirements.
Flavors: r-devel-linux-x86_64-debian-clang, r-devel-linux-x86_64-debian-gcc, r-devel-linux-x86_64-fedora-clang, r-devel-linux-x86_64-fedora-gcc, r-devel-windows-x86_64, r-patched-linux-x86_64, r-release-linux-x86_64, r-release-macos-arm64, r-release-macos-x86_64, r-release-windows-x86_64, r-oldrel-macos-arm64, r-oldrel-macos-x86_64, r-oldrel-windows-ix86+x86_64
Version: 0.2.0.2
Check: installed package size
Result: NOTE
installed size is 14.6Mb
sub-directories of 1Mb or more:
libs 14.2Mb
Flavors: r-devel-linux-x86_64-fedora-clang, r-devel-windows-x86_64, r-release-macos-arm64, r-release-macos-x86_64, r-release-windows-x86_64, r-oldrel-macos-arm64, r-oldrel-macos-x86_64, r-oldrel-windows-ix86+x86_64