CRAN Package Check Results for Package cbq

Last updated on 2024-03-04 03:52:25 CET.

Flavor Version Tinstall Tcheck Ttotal Status Flags
r-devel-linux-x86_64-debian-clang 0.2.0.3 1842.49 227.16 2069.65 NOTE
r-devel-linux-x86_64-debian-gcc 0.2.0.3 1950.16 294.00 2244.16 NOTE
r-devel-linux-x86_64-fedora-clang 0.2.0.3 2531.61 NOTE
r-devel-linux-x86_64-fedora-gcc 0.2.0.3 3571.12 NOTE
r-devel-windows-x86_64 0.2.0.3 1578.00 296.00 1874.00 NOTE
r-patched-linux-x86_64 0.2.0.3 1372.28 347.14 1719.42 NOTE
r-release-linux-x86_64 0.2.0.3 1729.51 369.01 2098.52 NOTE
r-release-macos-arm64 0.2.0.3 676.00 NOTE
r-release-macos-x86_64 0.2.0.3 1113.00 NOTE
r-release-windows-x86_64 0.2.0.3 2048.00 393.00 2441.00 NOTE
r-oldrel-macos-arm64 0.2.0.3 718.00 NOTE
r-oldrel-windows-x86_64 0.2.0.3 1949.00 336.00 2285.00 NOTE

Check Details

Version: 0.2.0.3
Check: for GNU extensions in Makefiles
Result: NOTE GNU make is a SystemRequirements. Flavors: r-devel-linux-x86_64-debian-clang, r-devel-linux-x86_64-debian-gcc, r-devel-linux-x86_64-fedora-clang, r-devel-linux-x86_64-fedora-gcc, r-devel-windows-x86_64, r-patched-linux-x86_64, r-release-linux-x86_64, r-release-macos-arm64, r-release-macos-x86_64, r-release-windows-x86_64, r-oldrel-macos-arm64, r-oldrel-windows-x86_64

Version: 0.2.0.3
Check: installed package size
Result: NOTE installed size is 16.2Mb sub-directories of 1Mb or more: libs 15.6Mb Flavors: r-devel-linux-x86_64-fedora-clang, r-devel-windows-x86_64, r-release-macos-arm64, r-release-macos-x86_64, r-release-windows-x86_64, r-oldrel-macos-arm64, r-oldrel-windows-x86_64