CRAN Package Check Results for Package cbsodataR

Last updated on 2021-09-19 04:52:50 CEST.

Flavor Version Tinstall Tcheck Ttotal Status Flags
r-devel-linux-x86_64-debian-clang 0.5.1 3.49 37.19 40.68 OK
r-devel-linux-x86_64-debian-gcc 0.5.1 2.43 28.86 31.29 OK
r-devel-linux-x86_64-fedora-clang 0.5.1 57.19 OK
r-devel-linux-x86_64-fedora-gcc 0.5.1 47.33 OK
r-devel-windows-x86_64 0.5.1 6.00 56.00 62.00 ERROR
r-devel-windows-x86_64-gcc10-UCRT 0.5.1 ERROR
r-patched-linux-x86_64 0.5.1 3.61 35.72 39.33 OK
r-patched-solaris-x86 0.5.1 71.70 OK
r-release-linux-x86_64 0.5.1 3.32 36.16 39.48 OK
r-release-macos-arm64 0.5.1 OK
r-release-macos-x86_64 0.5.1 OK
r-release-windows-ix86+x86_64 0.5.1 7.00 40.00 47.00 ERROR
r-oldrel-macos-x86_64 0.5.1 OK
r-oldrel-windows-ix86+x86_64 0.5.1 7.00 62.00 69.00 ERROR

Check Details

Version: 0.5.1
Check: examples
Result: ERROR
    Running examples in 'cbsodataR-Ex.R' failed
    The error most likely occurred in:
    
    > ### Name: cbs_get_catalogs
    > ### Title: Retrieves the possible catalog values that can be used for
    > ### retrieving data
    > ### Aliases: cbs_get_catalogs
    >
    > ### ** Examples
    >
    > catalogs <- cbs_get_catalogs()
    Warning in open.connection(con, "rb") :
     URL 'https://opendata.cbs.nl/ODataCatalog/Tables?$format=json': status was 'SSL connect error'
    Warning: Failing: http://opendata.cbs.nl/ODataCatalog/Tables?$format=json
    Retrying...
    Warning in open.connection(con, "rb") :
     URL 'https://opendata.cbs.nl/ODataCatalog/Tables?$format=json': status was 'SSL connect error'
    Error in open.connection(con, "rb") :
     cannot open the connection to 'http://opendata.cbs.nl/ODataCatalog/Tables?$format=json'
    Calls: cbs_get_catalogs ... parse_and_simplify -> parseJSON -> parse_con -> open -> open.connection
    Execution halted
Flavor: r-devel-windows-x86_64

Version: 0.5.1
Check: whether package can be installed
Result: WARN
    Found the following significant warnings:
     WARNING: installation-time patches will not be applied, could not get the patches index
Flavor: r-devel-windows-x86_64-gcc10-UCRT

Version: 0.5.1
Check: PDF version of manual
Result: WARN
    LaTeX errors when creating PDF version.
    This typically indicates Rd problems.
Flavor: r-devel-windows-x86_64-gcc10-UCRT

Version: 0.5.1
Check: PDF version of manual without hyperrefs or index
Result: ERROR
    Re-running with no redirection of stdout/stderr.
Flavor: r-devel-windows-x86_64-gcc10-UCRT

Version: 0.5.1
Check: examples
Result: ERROR
    Running examples in 'cbsodataR-Ex.R' failed
    The error most likely occurred in:
    
    > ### Name: cbs_get_catalogs
    > ### Title: Retrieves the possible catalog values that can be used for
    > ### retrieving data
    > ### Aliases: cbs_get_catalogs
    >
    > ### ** Examples
    >
    > catalogs <- cbs_get_catalogs()
    Warning in open.connection(con, "rb") :
     InternetOpenUrl failed: 'Die Serververbindung konnte nicht hergestellt werden.'
    Warning: Failing: http://opendata.cbs.nl/ODataCatalog/Tables?$format=json
    Retrying...
    Warning in open.connection(con, "rb") :
     InternetOpenUrl failed: 'Die Serververbindung konnte nicht hergestellt werden.'
    Error in open.connection(con, "rb") : cannot open the connection
    Calls: cbs_get_catalogs ... parse_and_simplify -> parseJSON -> parse_con -> open -> open.connection
    Execution halted
Flavors: r-release-windows-ix86+x86_64, r-oldrel-windows-ix86+x86_64