Last updated on 2023-10-02 13:02:47 CEST.
Flavor | Version | Tinstall | Tcheck | Ttotal | Status | Flags |
---|---|---|---|---|---|---|
r-devel-linux-x86_64-debian-clang | 1.0.2 | 4.30 | 40.47 | 44.77 | OK | |
r-devel-linux-x86_64-debian-gcc | 1.0.2 | 3.23 | 32.28 | 35.51 | OK | |
r-devel-linux-x86_64-fedora-clang | 1.0.2 | 57.17 | NOTE | |||
r-devel-linux-x86_64-fedora-gcc | 1.0.2 | 56.35 | NOTE | |||
r-devel-windows-x86_64 | 1.0.2 | 5.00 | 52.00 | 57.00 | OK | |
r-patched-linux-x86_64 | 1.0.2 | 4.60 | 38.88 | 43.48 | OK | |
r-release-linux-x86_64 | 1.0.2 | 2.66 | 41.01 | 43.67 | OK | |
r-release-macos-arm64 | 1.0.2 | 21.00 | OK | |||
r-release-macos-x86_64 | 1.0.2 | 33.00 | OK | |||
r-release-windows-x86_64 | 1.0.2 | 6.00 | 55.00 | 61.00 | OK | |
r-oldrel-macos-arm64 | 1.0.2 | 23.00 | NOTE | |||
r-oldrel-macos-x86_64 | 1.0.2 | 41.00 | NOTE | |||
r-oldrel-windows-x86_64 | 1.0.2 | 6.00 | 62.00 | 68.00 | OK |
Version: 1.0.2
Check: dependencies in R code
Result: NOTE
Namespace in Imports field not imported from: ‘fields’
All declared Imports should be used.
Flavors: r-devel-linux-x86_64-fedora-clang, r-devel-linux-x86_64-fedora-gcc, r-oldrel-macos-arm64, r-oldrel-macos-x86_64