CRAN Package Check Results for Package cclust

Last updated on 2021-09-21 04:54:57 CEST.

Flavor Version Tinstall Tcheck Ttotal Status Flags
r-devel-linux-x86_64-debian-clang 0.6-22 3.62 23.88 27.50 OK
r-devel-linux-x86_64-debian-gcc 0.6-22 2.57 19.02 21.59 OK
r-devel-linux-x86_64-fedora-clang 0.6-22 42.93 OK
r-devel-linux-x86_64-fedora-gcc 0.6-22 31.79 OK
r-devel-windows-x86_64 0.6-22 6.00 30.00 36.00 OK
r-devel-windows-x86_64-gcc10-UCRT 0.6-22 ERROR
r-patched-linux-x86_64 0.6-22 3.17 23.74 26.91 OK
r-patched-solaris-x86 0.6-22 49.20 OK
r-release-linux-x86_64 0.6-22 3.35 23.65 27.00 OK
r-release-macos-arm64 0.6-22 OK
r-release-macos-x86_64 0.6-22 OK
r-release-windows-ix86+x86_64 0.6-22 11.00 33.00 44.00 OK
r-oldrel-macos-x86_64 0.6-22 OK
r-oldrel-windows-ix86+x86_64 0.6-22 10.00 45.00 55.00 OK

Check Details

Version: 0.6-22
Check: whether package can be installed
Result: ERROR
    Installation failed.
Flavor: r-devel-windows-x86_64-gcc10-UCRT