CRAN Package Check Results for Package ccrs

Last updated on 2022-01-22 11:50:54 CET.

Flavor Version Tinstall Tcheck Ttotal Status Flags
r-devel-linux-x86_64-debian-clang 0.1.0 11.76 111.98 123.74 OK
r-devel-linux-x86_64-debian-gcc 0.1.0 9.93 83.46 93.39 OK
r-devel-linux-x86_64-fedora-clang 0.1.0 155.82 NOTE
r-devel-linux-x86_64-fedora-gcc 0.1.0 138.73 NOTE
r-devel-windows-x86_64-new-UL 0.1.0 21.00 125.00 146.00 OK
r-devel-windows-x86_64-new-TK 0.1.0 NOTE
r-patched-linux-x86_64 0.1.0 13.48 106.96 120.44 OK
r-release-linux-x86_64 0.1.0 10.38 107.41 117.79 OK
r-release-macos-arm64 0.1.0 NOTE
r-release-macos-x86_64 0.1.0 NOTE
r-release-windows-ix86+x86_64 0.1.0 29.00 122.00 151.00 OK
r-oldrel-macos-x86_64 0.1.0 NOTE
r-oldrel-windows-ix86+x86_64 0.1.0 29.00 123.00 152.00 OK

Check Details

Version: 0.1.0
Check: dependencies in R code
Result: NOTE
    Namespace in Imports field not imported from: ‘methods’
     All declared Imports should be used.
Flavors: r-devel-linux-x86_64-fedora-clang, r-devel-linux-x86_64-fedora-gcc, r-devel-windows-x86_64-new-TK, r-release-macos-arm64, r-release-macos-x86_64, r-oldrel-macos-x86_64