Last updated on 2023-03-23 23:51:46 CET.
Flavor | Version | Tinstall | Tcheck | Ttotal | Status | Flags |
---|---|---|---|---|---|---|
r-devel-linux-x86_64-debian-clang | 2.0.3 | 39.14 | 88.79 | 127.93 | NOTE | |
r-devel-linux-x86_64-debian-gcc | 2.0.3 | 30.54 | 69.29 | 99.83 | NOTE | |
r-devel-linux-x86_64-fedora-clang | 2.0.3 | 184.30 | NOTE | |||
r-devel-linux-x86_64-fedora-gcc | 2.0.3 | 163.02 | NOTE | |||
r-devel-windows-x86_64 | 2.0.3 | 44.00 | 141.00 | 185.00 | NOTE | |
r-patched-linux-x86_64 | 2.0.3 | 34.64 | 82.36 | 117.00 | OK | |
r-release-linux-x86_64 | 2.0.3 | 33.96 | 83.12 | 117.08 | OK | |
r-release-macos-arm64 | 2.0.3 | 60.00 | OK | |||
r-release-macos-x86_64 | 2.0.3 | 63.00 | OK | |||
r-release-windows-x86_64 | 2.0.3 | 42.00 | 189.00 | 231.00 | OK | |
r-oldrel-macos-arm64 | 2.0.3 | 62.00 | OK | |||
r-oldrel-macos-x86_64 | 2.0.3 | 94.00 | OK | |||
r-oldrel-windows-ix86+x86_64 | 2.0.3 | 101.00 | 170.00 | 271.00 | OK |
Version: 2.0.3
Check: C++ specification
Result: NOTE
Specified C++11: please drop specification unless essential
Flavors: r-devel-linux-x86_64-debian-clang, r-devel-linux-x86_64-debian-gcc, r-devel-linux-x86_64-fedora-clang, r-devel-linux-x86_64-fedora-gcc, r-devel-windows-x86_64