CRAN Package Check Results for Package ceRtainty

Last updated on 2023-10-02 13:02:47 CEST.

Flavor Version Tinstall Tcheck Ttotal Status Flags
r-devel-linux-x86_64-debian-clang 1.0.0 5.34 50.69 56.03 OK
r-devel-linux-x86_64-debian-gcc 1.0.0 3.96 38.69 42.65 OK
r-devel-linux-x86_64-fedora-clang 1.0.0 70.40 NOTE
r-devel-linux-x86_64-fedora-gcc 1.0.0 77.96 NOTE
r-devel-windows-x86_64 1.0.0 6.00 75.00 81.00 OK
r-patched-linux-x86_64 1.0.0 5.59 48.11 53.70 OK
r-release-linux-x86_64 1.0.0 3.84 49.30 53.14 OK
r-release-macos-arm64 1.0.0 34.00 OK
r-release-macos-x86_64 1.0.0 45.00 OK
r-release-windows-x86_64 1.0.0 8.00 69.00 77.00 OK
r-oldrel-macos-arm64 1.0.0 25.00 NOTE
r-oldrel-macos-x86_64 1.0.0 51.00 NOTE
r-oldrel-windows-x86_64 1.0.0 7.00 71.00 78.00 OK

Check Details

Version: 1.0.0
Check: dependencies in R code
Result: NOTE
    Namespaces in Imports field not imported from:
     ‘base’ ‘stats’ ‘tidyr’
     All declared Imports should be used.
Flavors: r-devel-linux-x86_64-fedora-clang, r-devel-linux-x86_64-fedora-gcc, r-oldrel-macos-arm64, r-oldrel-macos-x86_64