Last updated on 2023-03-27 12:54:17 CEST.
Flavor | Version | Tinstall | Tcheck | Ttotal | Status | Flags |
---|---|---|---|---|---|---|
r-devel-linux-x86_64-debian-clang | 2.5.0 | 143.96 | 309.46 | 453.42 | NOTE | |
r-devel-linux-x86_64-debian-gcc | 2.5.0 | 111.56 | 227.56 | 339.12 | NOTE | |
r-devel-linux-x86_64-fedora-clang | 2.5.0 | 614.25 | NOTE | |||
r-devel-linux-x86_64-fedora-gcc | 2.5.0 | 602.15 | NOTE | |||
r-patched-linux-x86_64 | 2.5.0 | 120.63 | 296.97 | 417.60 | NOTE | |
r-release-linux-x86_64 | 2.5.0 | 125.18 | 296.59 | 421.77 | OK | |
r-release-macos-arm64 | 2.5.0 | 171.00 | NOTE | |||
r-release-macos-x86_64 | 2.5.0 | 226.00 | NOTE | |||
r-release-windows-x86_64 | 2.5.0 | 370.00 | 404.00 | 774.00 | NOTE | |
r-oldrel-macos-arm64 | 2.5.0 | 173.00 | NOTE | |||
r-oldrel-macos-x86_64 | 2.5.0 | 233.00 | NOTE | |||
r-oldrel-windows-ix86+x86_64 | 2.5.0 | 331.00 | 314.00 | 645.00 | NOTE |
Version: 2.5.0
Check: C++ specification
Result: NOTE
Specified C++11: please drop specification unless essential
Flavors: r-devel-linux-x86_64-debian-clang, r-devel-linux-x86_64-debian-gcc, r-devel-linux-x86_64-fedora-clang, r-devel-linux-x86_64-fedora-gcc, r-patched-linux-x86_64
Version: 2.5.0
Check: installed package size
Result: NOTE
installed size is 6.9Mb
sub-directories of 1Mb or more:
data 3.2Mb
doc 2.2Mb
Flavors: r-devel-linux-x86_64-fedora-clang, r-release-macos-arm64, r-release-macos-x86_64, r-release-windows-x86_64, r-oldrel-macos-arm64, r-oldrel-macos-x86_64, r-oldrel-windows-ix86+x86_64