CRAN Package Check Results for Package censReg

Last updated on 2022-01-20 08:49:53 CET.

Flavor Version Tinstall Tcheck Ttotal Status Flags
r-devel-linux-x86_64-debian-clang 0.5-32 OK
r-devel-linux-x86_64-debian-gcc 0.5-32 4.06 74.16 78.22 OK
r-devel-linux-x86_64-fedora-clang 0.5-32 137.11 NOTE
r-devel-linux-x86_64-fedora-gcc 0.5-32 125.06 OK
r-devel-windows-x86_64-new-UL 0.5-32 36.00 151.00 187.00 OK
r-devel-windows-x86_64-new-TK 0.5-32 OK
r-patched-linux-x86_64 0.5-32 5.35 96.52 101.87 OK
r-release-linux-x86_64 0.5-32 4.95 96.71 101.66 OK
r-release-macos-arm64 0.5-32 OK
r-release-macos-x86_64 0.5-32 OK
r-release-windows-ix86+x86_64 0.5-32 11.00 131.00 142.00 OK
r-oldrel-macos-x86_64 0.5-32 OK
r-oldrel-windows-ix86+x86_64 0.5-32 12.00 127.00 139.00 OK

Check Details

Version: 0.5-32
Check: Rd cross-references
Result: NOTE
    Undeclared package ‘sampleSelection’ in Rd xrefs
Flavor: r-devel-linux-x86_64-fedora-clang