CRAN Package Check Results for Package censusGeography

Last updated on 2021-09-22 13:52:34 CEST.

Flavor Version Tinstall Tcheck Ttotal Status Flags
r-devel-linux-x86_64-debian-clang 0.1.0 3.04 32.42 35.46 OK
r-devel-linux-x86_64-debian-gcc 0.1.0 2.32 24.85 27.17 OK
r-devel-linux-x86_64-fedora-clang 0.1.0 50.96 OK
r-devel-linux-x86_64-fedora-gcc 0.1.0 40.48 OK
r-devel-windows-x86_64 0.1.0 4.00 37.00 41.00 OK
r-devel-windows-x86_64-gcc10-UCRT 0.1.0 ERROR
r-patched-linux-x86_64 0.1.0 3.04 30.26 33.30 OK
r-patched-solaris-x86 0.1.0 63.40 OK
r-release-linux-x86_64 0.1.0 3.07 30.47 33.54 OK
r-release-macos-arm64 0.1.0 OK
r-release-macos-x86_64 0.1.0 OK
r-release-windows-ix86+x86_64 0.1.0 7.00 36.00 43.00 OK
r-oldrel-macos-x86_64 0.1.0 OK
r-oldrel-windows-ix86+x86_64 0.1.0 30.00 37.00 67.00 OK

Check Details

Version: 0.1.0
Check: package dependencies
Result: ERROR
    Package required but not available: 'qdapTools'
    
    See section 'The DESCRIPTION file' in the 'Writing R Extensions'
    manual.
Flavor: r-devel-windows-x86_64-gcc10-UCRT