Last updated on 2023-05-28 16:57:45 CEST.
Flavor | Version | Tinstall | Tcheck | Ttotal | Status | Flags |
---|---|---|---|---|---|---|
r-devel-linux-x86_64-debian-clang | 0.8.0 | 29.41 | 277.21 | 306.62 | OK | |
r-devel-linux-x86_64-debian-gcc | 0.8.0 | 25.19 | 205.36 | 230.55 | OK | |
r-devel-linux-x86_64-fedora-clang | 0.8.0 | 375.60 | OK | |||
r-devel-linux-x86_64-fedora-gcc | 0.8.0 | 358.20 | OK | |||
r-devel-windows-x86_64 | 0.8.0 | 25.00 | 183.00 | 208.00 | OK | |
r-patched-linux-x86_64 | 0.8.0 | 24.48 | 257.84 | 282.32 | OK | |
r-release-linux-x86_64 | 0.8.0 | 29.48 | 260.98 | 290.46 | OK | |
r-release-macos-arm64 | 0.8.0 | 94.00 | OK | |||
r-release-macos-x86_64 | 0.6.0 | 182.00 | NOTE | |||
r-release-windows-x86_64 | 0.8.0 | 31.00 | 242.00 | 273.00 | OK | |
r-oldrel-macos-arm64 | 0.8.0 | 88.00 | OK | |||
r-oldrel-macos-x86_64 | 0.8.0 | 116.00 | OK | |||
r-oldrel-windows-x86_64 | 0.8.0 | 34.00 | 229.00 | 263.00 | OK |
Version: 0.6.0
Check: LazyData
Result: NOTE
'LazyData' is specified without a 'data' directory
Flavor: r-release-macos-x86_64