Last updated on 2023-10-02 13:02:47 CEST.
Flavor | Version | Tinstall | Tcheck | Ttotal | Status | Flags |
---|---|---|---|---|---|---|
r-devel-linux-x86_64-debian-clang | 1.0.1 | 7.57 | 112.39 | 119.96 | NOTE | |
r-devel-linux-x86_64-debian-gcc | 1.0.1 | 5.34 | 80.61 | 85.95 | NOTE | |
r-devel-linux-x86_64-fedora-clang | 1.0.1 | 149.42 | NOTE | |||
r-devel-linux-x86_64-fedora-gcc | 1.0.1 | 135.42 | NOTE | |||
r-devel-windows-x86_64 | 1.0.1 | 8.00 | 105.00 | 113.00 | NOTE | |
r-patched-linux-x86_64 | 1.0.1 | 8.20 | 106.27 | 114.47 | OK | |
r-release-linux-x86_64 | 1.0.1 | 6.53 | 106.25 | 112.78 | OK | |
r-release-macos-arm64 | 1.0.1 | 46.00 | OK | |||
r-release-macos-x86_64 | 1.0.1 | 76.00 | OK | |||
r-release-windows-x86_64 | 1.0.1 | 10.00 | 118.00 | 128.00 | OK | |
r-oldrel-macos-arm64 | 1.0.1 | 43.00 | OK | |||
r-oldrel-macos-x86_64 | 1.0.1 | 88.00 | OK | |||
r-oldrel-windows-x86_64 | 1.0.1 | 11.00 | 126.00 | 137.00 | OK |
Version: 1.0.1
Check: Rd \usage sections
Result: NOTE
Objects in \usage without \alias in documentation object 'influence-methods':
‘influence’
Functions with \usage entries need to have the appropriate \alias
entries, and all their arguments documented.
The \usage entries must correspond to syntactically valid R code.
See chapter ‘Writing R documentation files’ in the ‘Writing R
Extensions’ manual.
Flavors: r-devel-linux-x86_64-debian-clang, r-devel-linux-x86_64-debian-gcc, r-devel-linux-x86_64-fedora-clang, r-devel-linux-x86_64-fedora-gcc, r-devel-windows-x86_64