CRAN Package Check Results for Package checkmate

Last updated on 2024-06-23 12:55:37 CEST.

Flavor Version Tinstall Tcheck Ttotal Status Flags
r-devel-linux-x86_64-debian-clang 2.3.1 12.79 114.53 127.32 OK
r-devel-linux-x86_64-debian-gcc 2.3.1 9.71 82.21 91.92 NOTE
r-devel-linux-x86_64-fedora-clang 2.3.1 152.40 OK
r-devel-linux-x86_64-fedora-gcc 2.3.1 172.39 NOTE
r-devel-windows-x86_64 2.3.1 17.00 115.00 132.00 WARN
r-patched-linux-x86_64 2.3.1 15.81 106.63 122.44 OK
r-release-linux-x86_64 2.3.1 12.27 106.84 119.11 OK
r-release-macos-arm64 2.3.1 49.00 OK
r-release-macos-x86_64 2.3.1 112.00 OK
r-release-windows-x86_64 2.3.1 15.00 117.00 132.00 WARN
r-oldrel-macos-arm64 2.3.1 57.00 OK
r-oldrel-macos-x86_64 2.3.1 137.00 OK
r-oldrel-windows-x86_64 2.3.1 19.00 137.00 156.00 OK

Check Details

Version: 2.3.1
Check: compiled code
Result: NOTE File ‘checkmate/libs/checkmate.so’: Found non-API call to R: ‘R_nchar’ Compiled code should not call non-API entry points in R. See ‘Writing portable packages’ in the ‘Writing R Extensions’ manual. Flavors: r-devel-linux-x86_64-debian-gcc, r-devel-linux-x86_64-fedora-gcc

Version: 2.3.1
Check: whether package can be installed
Result: WARN Found the following significant warnings: checks.c:489:80: warning: unknown conversion type character 'j' in format [-Wformat=] checks.c:489:36: warning: too many arguments for format [-Wformat-extra-args] checks.c:493:80: warning: unknown conversion type character 'j' in format [-Wformat=] checks.c:493:36: warning: too many arguments for format [-Wformat-extra-args] checks.c:497:80: warning: unknown conversion type character 'j' in format [-Wformat=] checks.c:497:36: warning: too many arguments for format [-Wformat-extra-args] See 'd:/Rcompile/CRANpkg/local/4.5/checkmate.Rcheck/00install.out' for details. * used C compiler: 'gcc.exe (GCC) 13.2.0' Flavor: r-devel-windows-x86_64

Version: 2.3.1
Check: compiled code
Result: NOTE File 'checkmate/libs/x64/checkmate.dll': Found non-API call to R: 'R_nchar' Compiled code should not call non-API entry points in R. See 'Writing portable packages' in the 'Writing R Extensions' manual. Flavor: r-devel-windows-x86_64

Version: 2.3.1
Check: whether package can be installed
Result: WARN Found the following significant warnings: checks.c:489:80: warning: unknown conversion type character 'j' in format [-Wformat=] checks.c:489:36: warning: too many arguments for format [-Wformat-extra-args] checks.c:493:80: warning: unknown conversion type character 'j' in format [-Wformat=] checks.c:493:36: warning: too many arguments for format [-Wformat-extra-args] checks.c:497:80: warning: unknown conversion type character 'j' in format [-Wformat=] checks.c:497:36: warning: too many arguments for format [-Wformat-extra-args] See 'd:/Rcompile/CRANpkg/local/4.4/checkmate.Rcheck/00install.out' for details. * used C compiler: 'gcc.exe (GCC) 13.2.0' Flavor: r-release-windows-x86_64