CRAN Package Check Results for Package checkpoint

Last updated on 2022-05-17 16:54:23 CEST.

Flavor Version Tinstall Tcheck Ttotal Status Flags
r-devel-linux-x86_64-debian-clang 1.0.2 2.58 39.46 42.04 NOTE
r-devel-linux-x86_64-debian-gcc 1.0.2 1.88 30.05 31.93 NOTE
r-devel-linux-x86_64-fedora-clang 1.0.2 48.03 NOTE
r-devel-linux-x86_64-fedora-gcc 1.0.2 48.82 NOTE
r-devel-windows-x86_64 1.0.2 20.00 58.00 78.00 OK
r-patched-linux-x86_64 1.0.2 6.44 36.99 43.43 NOTE
r-release-linux-x86_64 1.0.2 2.07 37.73 39.80 NOTE
r-release-macos-arm64 1.0.2 18.00 NOTE
r-release-macos-x86_64 1.0.2 33.00 NOTE
r-release-windows-x86_64 1.0.2 17.00 59.00 76.00 OK
r-oldrel-macos-arm64 1.0.2 15.00 NOTE
r-oldrel-macos-x86_64 1.0.2 23.00 NOTE
r-oldrel-windows-ix86+x86_64 1.0.2 6.00 48.00 54.00 OK

Check Details

Version: 1.0.2
Check: package dependencies
Result: NOTE
    Package suggested but not available for checking: 'darts'
Flavors: r-devel-linux-x86_64-debian-clang, r-devel-linux-x86_64-debian-gcc, r-devel-linux-x86_64-fedora-clang, r-devel-linux-x86_64-fedora-gcc, r-patched-linux-x86_64, r-release-linux-x86_64, r-release-macos-x86_64

Version: 1.0.2
Check: dependencies in R code
Result: NOTE
    Namespace in Imports field not imported from: ‘jsonlite’
     All declared Imports should be used.
Flavors: r-devel-linux-x86_64-fedora-clang, r-devel-linux-x86_64-fedora-gcc, r-release-macos-arm64, r-release-macos-x86_64, r-oldrel-macos-arm64, r-oldrel-macos-x86_64