CRAN Package Check Results for Package chemometrics

Last updated on 2022-12-05 11:51:35 CET.

Flavor Version Tinstall Tcheck Ttotal Status Flags
r-devel-linux-x86_64-debian-clang 1.4.2 8.79 146.93 155.72 NOTE
r-devel-linux-x86_64-debian-gcc 1.4.2 6.47 109.03 115.50 NOTE
r-devel-linux-x86_64-fedora-clang 1.4.2 210.91 NOTE
r-devel-linux-x86_64-fedora-gcc 1.4.2 208.74 NOTE
r-devel-windows-x86_64 1.4.2 91.00 227.00 318.00 NOTE
r-patched-linux-x86_64 1.4.2 10.42 143.90 154.32 NOTE
r-release-linux-x86_64 1.4.2 8.52 144.65 153.17 NOTE
r-release-macos-arm64 1.4.2 55.00 OK
r-release-macos-x86_64 1.4.2 93.00 OK
r-release-windows-x86_64 1.4.2 11.00 230.00 241.00 OK
r-oldrel-macos-arm64 1.4.2 69.00 OK
r-oldrel-macos-x86_64 1.4.2 138.00 OK
r-oldrel-windows-ix86+x86_64 1.4.2 13.00 173.00 186.00 OK

Check Details

Version: 1.4.2
Check: Rd files
Result: NOTE
    checkRd: (-1) hyptis.Rd:31: Escaped LaTeX specials: \&
Flavors: r-devel-linux-x86_64-debian-clang, r-devel-linux-x86_64-debian-gcc, r-devel-linux-x86_64-fedora-clang, r-devel-linux-x86_64-fedora-gcc, r-devel-windows-x86_64

Version: 1.4.2
Check: for non-standard things in the check directory
Result: NOTE
    Found the following files/directories:
     'stepres00.txt'
Flavors: r-devel-linux-x86_64-debian-clang, r-devel-linux-x86_64-debian-gcc, r-devel-linux-x86_64-fedora-clang, r-devel-linux-x86_64-fedora-gcc, r-patched-linux-x86_64, r-release-linux-x86_64