CRAN Package Check Results for Package childesr

Last updated on 2024-02-24 07:51:19 CET.

Flavor Version Tinstall Tcheck Ttotal Status Flags
r-devel-linux-x86_64-debian-clang 0.2.3 2.74 39.41 42.15 OK
r-devel-linux-x86_64-debian-gcc 0.2.3 1.77 30.67 32.44 OK
r-devel-linux-x86_64-fedora-clang 0.2.3 52.34 NOTE
r-devel-linux-x86_64-fedora-gcc 0.2.3 62.09 NOTE
r-devel-windows-x86_64 0.2.3 4.00 84.00 88.00 OK
r-patched-linux-x86_64 0.2.3 1.97 39.11 41.08 OK
r-release-linux-x86_64 0.2.3 1.78 38.06 39.84 OK
r-release-macos-arm64 0.2.3 71.00 OK
r-release-macos-x86_64 0.2.3 65.00 OK
r-release-windows-x86_64 0.2.3 4.00 101.00 105.00 OK
r-oldrel-macos-arm64 0.2.3 52.00 NOTE
r-oldrel-windows-x86_64 0.2.3 4.00 99.00 103.00 OK

Check Details

Version: 0.2.3
Check: dependencies in R code
Result: NOTE Namespace in Imports field not imported from: ‘dbplyr’ All declared Imports should be used. Flavors: r-devel-linux-x86_64-fedora-clang, r-devel-linux-x86_64-fedora-gcc, r-oldrel-macos-arm64