CRAN Package Check Results for Package chinese.misc

Last updated on 2021-11-28 19:48:47 CET.

Flavor Version Tinstall Tcheck Ttotal Status Flags
r-devel-linux-x86_64-debian-clang 0.2.3 NOTE
r-devel-linux-x86_64-debian-gcc 0.2.3 8.03 61.62 69.65 NOTE
r-devel-linux-x86_64-fedora-clang 0.2.3 113.21 NOTE
r-devel-linux-x86_64-fedora-gcc 0.2.3 108.59 NOTE
r-devel-windows-x86_64-new-UL 0.2.3 21.00 124.00 145.00 NOTE
r-devel-windows-x86_64-new-TK 0.2.3 NOTE
r-devel-windows-x86_64-old 0.2.3 13.00 113.00 126.00 NOTE
r-patched-linux-x86_64 0.2.3 9.75 75.21 84.96 NOTE
r-patched-solaris-x86 0.2.3 184.90 NOTE
r-release-linux-x86_64 0.2.3 10.12 75.66 85.78 NOTE
r-release-macos-arm64 0.2.3 NOTE
r-release-macos-x86_64 0.2.3 NOTE
r-release-windows-ix86+x86_64 0.2.3 24.00 82.00 106.00 NOTE
r-oldrel-macos-x86_64 0.2.3 OK
r-oldrel-windows-ix86+x86_64 0.2.3 16.00 116.00 132.00 OK

Check Details

Version: 0.2.3
Check: LazyData
Result: NOTE
     'LazyData' is specified without a 'data' directory
Flavors: r-devel-linux-x86_64-debian-clang, r-devel-linux-x86_64-debian-gcc, r-devel-linux-x86_64-fedora-clang, r-devel-linux-x86_64-fedora-gcc, r-devel-windows-x86_64-new-UL, r-devel-windows-x86_64-new-TK, r-devel-windows-x86_64-old, r-patched-linux-x86_64, r-patched-solaris-x86, r-release-linux-x86_64, r-release-macos-arm64, r-release-macos-x86_64, r-release-windows-ix86+x86_64