Last updated on 2023-09-21 16:57:46 CEST.
Flavor | Version | Tinstall | Tcheck | Ttotal | Status | Flags |
---|---|---|---|---|---|---|
r-devel-linux-x86_64-debian-clang | 3.7.2 | 19.51 | 134.32 | 153.83 | OK | |
r-devel-linux-x86_64-debian-gcc | 3.7.2 | 16.48 | 98.66 | 115.14 | OK | |
r-devel-linux-x86_64-fedora-clang | 3.7.2 | 193.99 | NOTE | |||
r-devel-linux-x86_64-fedora-gcc | 3.7.2 | 288.62 | NOTE | |||
r-devel-windows-x86_64 | 3.7.2 | 19.00 | 121.00 | 140.00 | OK | |
r-patched-linux-x86_64 | 3.7.2 | 19.76 | 126.13 | 145.89 | OK | |
r-release-linux-x86_64 | 3.7.2 | 14.26 | 127.59 | 141.85 | OK | |
r-release-macos-arm64 | 3.7.2 | 118.00 | OK | |||
r-release-macos-x86_64 | 3.7.2 | 256.00 | OK | |||
r-release-windows-x86_64 | 3.7.2 | 25.00 | 141.00 | 166.00 | OK | |
r-oldrel-macos-arm64 | 3.7.2 | 117.00 | OK | |||
r-oldrel-macos-x86_64 | 3.7.2 | 154.00 | OK | |||
r-oldrel-windows-x86_64 | 3.7.2 | 26.00 | 134.00 | 160.00 | OK |
Version: 3.7.2
Check: data for non-ASCII characters
Result: NOTE
Note: found 10 marked UTF-8 strings
Flavors: r-devel-linux-x86_64-fedora-clang, r-devel-linux-x86_64-fedora-gcc