Last updated on 2023-12-06 11:52:20 CET.
Flavor | Version | Tinstall | Tcheck | Ttotal | Status | Flags |
---|---|---|---|---|---|---|
r-devel-linux-x86_64-debian-clang | 1.1.1 | 5.68 | 53.04 | 58.72 | OK | |
r-devel-linux-x86_64-debian-gcc | 1.1.1 | 5.13 | 41.70 | 46.83 | OK | |
r-devel-linux-x86_64-fedora-clang | 1.1.1 | 72.79 | NOTE | |||
r-devel-linux-x86_64-fedora-gcc | 1.1.1 | 69.49 | OK | |||
r-devel-windows-x86_64 | 1.1.1 | 8.00 | 67.00 | 75.00 | NOTE | |
r-patched-linux-x86_64 | 1.1.1 | 5.77 | 51.84 | 57.61 | OK | |
r-release-linux-x86_64 | 1.1.1 | 6.63 | 51.86 | 58.49 | OK | |
r-release-macos-arm64 | 1.1.1 | 28.00 | NOTE | |||
r-release-macos-x86_64 | 1.1.1 | 42.00 | NOTE | |||
r-release-windows-x86_64 | 1.1.1 | 9.00 | 71.00 | 80.00 | NOTE | |
r-oldrel-macos-arm64 | 1.1.1 | 27.00 | NOTE | |||
r-oldrel-macos-x86_64 | 1.1.1 | 54.00 | NOTE | |||
r-oldrel-windows-x86_64 | 1.1.1 | 9.00 | 75.00 | 84.00 | NOTE |
Version: 1.1.1
Check: installed package size
Result: NOTE
installed size is 18.0Mb
sub-directories of 1Mb or more:
data 17.9Mb
Flavors: r-devel-linux-x86_64-fedora-clang, r-devel-windows-x86_64, r-release-macos-arm64, r-release-macos-x86_64, r-release-windows-x86_64, r-oldrel-macos-arm64, r-oldrel-macos-x86_64, r-oldrel-windows-x86_64