CRAN Package Check Results for Package chron

Last updated on 2024-06-12 20:58:51 CEST.

Flavor Version Tinstall Tcheck Ttotal Status Flags
r-devel-linux-x86_64-debian-clang 2.3-61 5.30 37.78 43.08 OK
r-devel-linux-x86_64-debian-gcc 2.3-61 4.26 28.97 33.23 NOTE
r-devel-linux-x86_64-fedora-clang 2.3-61 55.40 OK
r-devel-linux-x86_64-fedora-gcc 2.3-61 52.09 OK
r-devel-windows-x86_64 2.3-61 9.00 50.00 59.00 OK
r-patched-linux-x86_64 2.3-61 5.60 36.38 41.98 OK
r-release-linux-x86_64 2.3-61 5.67 37.31 42.98 OK
r-release-macos-arm64 2.3-61 21.00 OK
r-release-macos-x86_64 2.3-61 30.00 OK
r-release-windows-x86_64 2.3-61 8.00 51.00 59.00 OK
r-oldrel-macos-arm64 2.3-61 24.00 OK
r-oldrel-macos-x86_64 2.3-61 44.00 OK
r-oldrel-windows-x86_64 2.3-61 9.00 57.00 66.00 OK

Check Details

Version: 2.3-61
Check: package dependencies
Result: NOTE Package suggested but not available for checking: ‘ggplot2’ Flavor: r-devel-linux-x86_64-debian-gcc