CRAN Package Check Results for Package cifti

Last updated on 2021-12-01 15:51:53 CET.

Flavor Version Tinstall Tcheck Ttotal Status Flags
r-devel-linux-x86_64-debian-clang 0.4.5 6.01 55.51 61.52 NOTE
r-devel-linux-x86_64-debian-gcc 0.4.5 3.51 42.85 46.36 NOTE
r-devel-linux-x86_64-fedora-clang 0.4.5 85.84 NOTE
r-devel-linux-x86_64-fedora-gcc 0.4.5 72.98 NOTE
r-devel-windows-x86_64-new-UL 0.4.5 13.00 100.00 113.00 NOTE
r-devel-windows-x86_64-new-TK 0.4.5 NOTE
r-devel-windows-x86_64-old 0.4.5 9.00 62.00 71.00 NOTE
r-patched-linux-x86_64 0.4.5 5.14 53.78 58.92 NOTE
r-patched-solaris-x86 0.4.5 93.40 NOTE
r-release-linux-x86_64 0.4.5 5.38 53.76 59.14 NOTE
r-release-macos-arm64 0.4.5 NOTE
r-release-macos-x86_64 0.4.5 NOTE
r-release-windows-ix86+x86_64 0.4.5 14.00 79.00 93.00 NOTE
r-oldrel-macos-x86_64 0.4.5 OK
r-oldrel-windows-ix86+x86_64 0.4.5 12.00 71.00 83.00 OK

Check Details

Version: 0.4.5
Check: LazyData
Result: NOTE
     'LazyData' is specified without a 'data' directory
Flavors: r-devel-linux-x86_64-debian-clang, r-devel-linux-x86_64-debian-gcc, r-devel-linux-x86_64-fedora-clang, r-devel-linux-x86_64-fedora-gcc, r-devel-windows-x86_64-new-UL, r-devel-windows-x86_64-new-TK, r-devel-windows-x86_64-old, r-patched-linux-x86_64, r-patched-solaris-x86, r-release-linux-x86_64, r-release-macos-arm64, r-release-macos-x86_64, r-release-windows-ix86+x86_64