CRAN Package Check Results for Package circlize

Last updated on 2021-10-23 16:49:27 CEST.

Flavor Version Tinstall Tcheck Ttotal Status Flags
r-devel-linux-x86_64-debian-clang 0.4.13 16.30 131.43 147.73 OK
r-devel-linux-x86_64-debian-gcc 0.4.13 11.49 95.95 107.44 OK
r-devel-linux-x86_64-fedora-clang 0.4.13 185.03 OK
r-devel-linux-x86_64-fedora-gcc 0.4.13 174.18 OK
r-devel-windows-x86_64 0.4.13 26.00 169.00 195.00 OK
r-devel-windows-x86_64-gcc10-UCRT 0.4.13 OK
r-patched-linux-x86_64 0.4.13 14.91 125.72 140.63 OK
r-patched-solaris-x86 0.4.13 201.00 OK
r-release-linux-x86_64 0.4.13 14.27 124.99 139.26 OK
r-release-macos-arm64 0.4.13 NOTE
r-release-macos-x86_64 0.4.13 OK
r-release-windows-ix86+x86_64 0.4.13 18.00 166.00 184.00 OK
r-oldrel-macos-x86_64 0.4.13 OK
r-oldrel-windows-ix86+x86_64 0.4.13 28.00 166.00 194.00 OK

Check Details

Version: 0.4.13
Check: package dependencies
Result: NOTE
    Package suggested but not available for checking: ‘ComplexHeatmap’
Flavor: r-release-macos-arm64

Version: 0.4.13
Check: dependencies in R code
Result: NOTE
    Unavailable namespace imported from by a ':::' call: ‘ComplexHeatmap’
     See the note in ?`:::` about the use of this operator.
Flavor: r-release-macos-arm64