Last updated on 2023-05-28 20:57:42 CEST.
Flavor | Version | Tinstall | Tcheck | Ttotal | Status | Flags |
---|---|---|---|---|---|---|
r-devel-linux-x86_64-debian-clang | 0.1.1 | 11.92 | 190.82 | 202.74 | OK | |
r-devel-linux-x86_64-debian-gcc | 0.1.1 | 8.04 | 137.86 | 145.90 | OK | |
r-devel-linux-x86_64-fedora-clang | 0.1.1 | 237.48 | NOTE | |||
r-devel-linux-x86_64-fedora-gcc | 0.1.1 | 246.57 | OK | |||
r-devel-windows-x86_64 | 0.1.1 | 10.00 | 199.00 | 209.00 | NOTE | |
r-patched-linux-x86_64 | 0.1.1 | 7.84 | 173.82 | 181.66 | OK | |
r-release-linux-x86_64 | 0.1.1 | 6.63 | 172.26 | 178.89 | OK | |
r-release-macos-arm64 | 0.1.1 | 110.00 | NOTE | |||
r-release-macos-x86_64 | 0.1.1 | 200.00 | NOTE | |||
r-release-windows-x86_64 | 0.1.1 | 14.00 | 235.00 | 249.00 | NOTE | |
r-oldrel-macos-arm64 | 0.1.1 | 163.00 | NOTE | |||
r-oldrel-macos-x86_64 | 0.1.1 | 203.00 | NOTE | |||
r-oldrel-windows-x86_64 | 0.1.1 | 14.00 | 232.00 | 246.00 | NOTE |
Version: 0.1.1
Check: installed package size
Result: NOTE
installed size is 7.5Mb
sub-directories of 1Mb or more:
doc 7.2Mb
Flavors: r-devel-linux-x86_64-fedora-clang, r-devel-windows-x86_64, r-release-macos-arm64, r-release-macos-x86_64, r-release-windows-x86_64, r-oldrel-macos-arm64, r-oldrel-macos-x86_64, r-oldrel-windows-x86_64