CRAN Package Check Results for Package classifierplots

Last updated on 2023-03-23 19:50:11 CET.

Flavor Version Tinstall Tcheck Ttotal Status Flags
r-devel-linux-x86_64-debian-clang 1.4.0 21.08 136.72 157.80 OK
r-devel-linux-x86_64-debian-gcc 1.4.0 13.59 101.27 114.86 OK
r-devel-linux-x86_64-fedora-clang 1.4.0 214.95 NOTE
r-devel-linux-x86_64-fedora-gcc 1.4.0 193.26 NOTE
r-devel-windows-x86_64 1.4.0 48.00 154.00 202.00 OK
r-patched-linux-x86_64 1.4.0 13.88 127.19 141.07 OK
r-release-linux-x86_64 1.4.0 12.88 128.13 141.01 OK
r-release-macos-arm64 1.4.0 49.00 NOTE
r-release-macos-x86_64 1.4.0 100.00 NOTE
r-release-windows-x86_64 1.4.0 81.00 158.00 239.00 OK
r-oldrel-macos-arm64 1.4.0 61.00 NOTE
r-oldrel-macos-x86_64 1.4.0 84.00 NOTE
r-oldrel-windows-ix86+x86_64 1.4.0 39.00 151.00 190.00 OK

Check Details

Version: 1.4.0
Check: dependencies in R code
Result: NOTE
    Namespace in Imports field not imported from: ‘Rcpp’
     All declared Imports should be used.
Flavors: r-devel-linux-x86_64-fedora-clang, r-devel-linux-x86_64-fedora-gcc, r-release-macos-arm64, r-release-macos-x86_64, r-oldrel-macos-arm64, r-oldrel-macos-x86_64