Last updated on 2023-06-09 04:52:56 CEST.
Flavor | Version | Tinstall | Tcheck | Ttotal | Status | Flags |
---|---|---|---|---|---|---|
r-devel-linux-x86_64-debian-clang | 1.2.3 | 14.71 | 140.28 | 154.99 | OK | |
r-devel-linux-x86_64-debian-gcc | 1.2.3 | 9.77 | 102.29 | 112.06 | OK | |
r-devel-linux-x86_64-fedora-clang | 1.2.3 | 193.85 | NOTE | |||
r-devel-linux-x86_64-fedora-gcc | 1.2.3 | 867.26 | NOTE | |||
r-devel-windows-x86_64 | 1.2.3 | 13.00 | 117.00 | 130.00 | OK | |
r-patched-linux-x86_64 | 1.2.3 | 14.95 | 128.65 | 143.60 | OK | |
r-release-linux-x86_64 | 1.2.3 | 11.88 | 131.01 | 142.89 | OK | |
r-release-macos-arm64 | 1.2.3 | 313.00 | OK | |||
r-release-macos-x86_64 | 1.2.0 | 554.00 | OK | |||
r-release-windows-x86_64 | 1.2.3 | 17.00 | 143.00 | 160.00 | OK | |
r-oldrel-macos-arm64 | 1.2.3 | 356.00 | OK | |||
r-oldrel-macos-x86_64 | 1.2.3 | 509.00 | OK | |||
r-oldrel-windows-x86_64 | 1.2.3 | 18.00 | 147.00 | 165.00 | OK |
Version: 1.2.3
Check: data for non-ASCII characters
Result: NOTE
Note: found 9 marked UTF-8 strings
Flavors: r-devel-linux-x86_64-fedora-clang, r-devel-linux-x86_64-fedora-gcc