CRAN Package Check Results for Package cleanrmd

Last updated on 2023-10-01 12:58:34 CEST.

Flavor Version Tinstall Tcheck Ttotal Status Flags
r-devel-linux-x86_64-debian-clang 0.1.1 2.41 24.62 27.03 OK
r-devel-linux-x86_64-debian-gcc 0.1.1 2.33 19.62 21.95 OK
r-devel-linux-x86_64-fedora-clang 0.1.1 34.03 NOTE
r-devel-linux-x86_64-fedora-gcc 0.1.1 34.05 OK
r-devel-windows-x86_64 0.1.1 5.00 43.00 48.00 OK
r-patched-linux-x86_64 0.1.1 2.57 24.46 27.03 OK
r-release-linux-x86_64 0.1.1 2.59 25.26 27.85 OK
r-release-macos-arm64 0.1.1 17.00 OK
r-release-macos-x86_64 0.1.1 29.00 OK
r-release-windows-x86_64 0.1.1 5.00 42.00 47.00 OK
r-oldrel-macos-arm64 0.1.1 23.00 OK
r-oldrel-macos-x86_64 0.1.1 24.00 OK
r-oldrel-windows-x86_64 0.1.1 6.00 47.00 53.00 OK

Check Details

Version: 0.1.1
Check: Rd cross-references
Result: NOTE
    Undeclared packages ‘bslib’, ‘shiny’ in Rd xrefs
Flavor: r-devel-linux-x86_64-fedora-clang