Last updated on 2023-12-07 15:48:13 CET.
Flavor | Version | Tinstall | Tcheck | Ttotal | Status | Flags |
---|---|---|---|---|---|---|
r-devel-linux-x86_64-debian-clang | 0.9.39 | 5.71 | 38.84 | 44.55 | OK | |
r-devel-linux-x86_64-debian-gcc | 0.9.39 | 4.12 | 30.20 | 34.32 | OK | |
r-devel-linux-x86_64-fedora-clang | 0.9.39 | 58.76 | NOTE | |||
r-devel-linux-x86_64-fedora-gcc | 0.9.39 | 56.08 | NOTE | |||
r-devel-windows-x86_64 | 0.9.39 | 5.00 | 56.00 | 61.00 | OK | |
r-patched-linux-x86_64 | 0.9.39 | 5.90 | 38.66 | 44.56 | OK | |
r-release-linux-x86_64 | 0.9.39 | 5.65 | 38.31 | 43.96 | OK | |
r-release-macos-arm64 | 0.9.39 | 22.00 | OK | |||
r-release-macos-x86_64 | 0.9.39 | 36.00 | OK | |||
r-release-windows-x86_64 | 0.9.39 | 7.00 | 60.00 | 67.00 | OK | |
r-oldrel-macos-arm64 | 0.9.39 | 21.00 | OK | |||
r-oldrel-macos-x86_64 | 0.9.39 | 35.00 | OK | |||
r-oldrel-windows-x86_64 | 0.9.39 | 7.00 | 56.00 | 63.00 | OK |
Version: 0.9.39
Check: data for non-ASCII characters
Result: NOTE
Note: found 1 marked UTF-8 string
Flavors: r-devel-linux-x86_64-fedora-clang, r-devel-linux-x86_64-fedora-gcc